CRAN Package Check Results for Package broom.mixed

Last updated on 2025-04-30 04:50:01 CEST.

Flavor Version Tinstall Tcheck Ttotal Status Flags
r-devel-linux-x86_64-debian-clang 0.2.9.6 9.07 154.33 163.40 NOTE
r-devel-linux-x86_64-debian-gcc 0.2.9.6 5.84 104.85 110.69 NOTE
r-devel-linux-x86_64-fedora-clang 0.2.9.6 268.38 NOTE
r-devel-linux-x86_64-fedora-gcc 0.2.9.6 263.49 NOTE
r-devel-windows-x86_64 0.2.9.6 9.00 159.00 168.00 NOTE
r-patched-linux-x86_64 0.2.9.6 9.41 146.43 155.84 NOTE
r-release-linux-x86_64 0.2.9.6 7.41 145.61 153.02 NOTE
r-release-macos-arm64 0.2.9.6 71.00 NOTE
r-release-macos-x86_64 0.2.9.6 140.00 NOTE
r-release-windows-x86_64 0.2.9.6 9.00 161.00 170.00 NOTE
r-oldrel-macos-arm64 0.2.9.6 71.00 NOTE
r-oldrel-macos-x86_64 0.2.9.6 128.00 NOTE
r-oldrel-windows-x86_64 0.2.9.6 13.00 211.00 224.00 NOTE

Check Details

Version: 0.2.9.6
Check: DESCRIPTION meta-information
Result: NOTE Author field differs from that derived from Authors@R Author: ‘Ben Bolker [aut, cre] (<https://orcid.org/0000-0002-2127-0443>), David Robinson [aut], Dieter Menne [ctb], Jonah Gabry [ctb], Paul Buerkner [ctb], Christopher Hua [ctb], William Petry [ctb] (<https://orcid.org/0000-0002-5230-5987>), Joshua Wiley [ctb] (<https://orcid.org/0000-0002-0271-6702>), Patrick Kennedy [ctb], Eduard Szöcs [ctb] (<https://orcid.org/0000-0001-5376-1194>, BASF SE), Indrajeet Patil [ctb], Vincent Arel-Bundock [ctb] (<https://orcid.org/0000-0003-2042-7063>), Bill Denney [ctb], Cory Brunson [ctb], Joe Wasserman [ctb] (<https://orcid.org/0000-0002-9705-1853>), Alexey Stukalov [ctb], Matthieu Bruneaux [ctb]’ Authors@R: ‘Ben Bolker [aut, cre] (ORCID: <https://orcid.org/0000-0002-2127-0443>), David Robinson [aut], Dieter Menne [ctb], Jonah Gabry [ctb], Paul Buerkner [ctb], Christopher Hua [ctb], William Petry [ctb] (ORCID: <https://orcid.org/0000-0002-5230-5987>), Joshua Wiley [ctb] (ORCID: <https://orcid.org/0000-0002-0271-6702>), Patrick Kennedy [ctb], Eduard Szöcs [ctb] (ORCID: <https://orcid.org/0000-0001-5376-1194>, sponsor: BASF SE), Indrajeet Patil [ctb], Vincent Arel-Bundock [ctb] (ORCID: <https://orcid.org/0000-0003-2042-7063>), Bill Denney [ctb], Cory Brunson [ctb], Joe Wasserman [ctb] (ORCID: <https://orcid.org/0000-0002-9705-1853>), Alexey Stukalov [ctb], Matthieu Bruneaux [ctb]’ Missing dependency on R >= 4.1.0 because package code uses the pipe |> or function shorthand \(...) syntax added in R 4.1.0. File(s) using such syntax: ‘glmm_tidiers.R’ ‘rstanarm_tidiers.Rd’ Flavors: r-devel-linux-x86_64-debian-clang, r-devel-linux-x86_64-debian-gcc

Version: 0.2.9.6
Check: examples
Result: NOTE Examples with CPU (user + system) or elapsed time > 5s user system elapsed mcmc_tidiers 5.782 0.148 7.375 glmmTMB_tidiers 4.920 0.107 5.319 Flavor: r-devel-linux-x86_64-debian-clang

Version: 0.2.9.6
Check: examples
Result: NOTE Examples with CPU (user + system) or elapsed time > 5s user system elapsed mcmc_tidiers 4.252 0.242 5.816 Flavor: r-devel-linux-x86_64-debian-gcc

Version: 0.2.9.6
Check: DESCRIPTION meta-information
Result: NOTE Missing dependency on R >= 4.1.0 because package code uses the pipe |> or function shorthand \(...) syntax added in R 4.1.0. File(s) using such syntax: ‘glmm_tidiers.R’ ‘rstanarm_tidiers.Rd’ Flavors: r-devel-linux-x86_64-fedora-clang, r-devel-linux-x86_64-fedora-gcc, r-devel-windows-x86_64, r-patched-linux-x86_64, r-release-linux-x86_64, r-release-macos-arm64, r-release-macos-x86_64, r-release-windows-x86_64

Version: 0.2.9.6
Check: package dependencies
Result: NOTE Package suggested but not available for checking: ‘glmmADMB’ Flavors: r-oldrel-macos-arm64, r-oldrel-macos-x86_64, r-oldrel-windows-x86_64

Version: 0.2.9.6
Check: installed package size
Result: NOTE installed size is 5.4Mb sub-directories of 1Mb or more: extdata 5.0Mb Flavors: r-oldrel-macos-arm64, r-oldrel-macos-x86_64, r-oldrel-windows-x86_64