Last updated on 2025-04-30 04:50:01 CEST.
Flavor | Version | Tinstall | Tcheck | Ttotal | Status | Flags |
---|---|---|---|---|---|---|
r-devel-linux-x86_64-debian-clang | 0.1.2 | 28.43 | 182.20 | 210.63 | NOTE | |
r-devel-linux-x86_64-debian-gcc | 0.1.2 | 20.87 | 123.21 | 144.08 | NOTE | |
r-devel-linux-x86_64-fedora-clang | 0.1.2 | 316.03 | OK | |||
r-devel-linux-x86_64-fedora-gcc | 0.1.2 | 308.89 | OK | |||
r-devel-windows-x86_64 | 0.1.2 | 23.00 | 163.00 | 186.00 | OK | |
r-patched-linux-x86_64 | 0.1.2 | 28.77 | 171.52 | 200.29 | OK | |
r-release-linux-x86_64 | 0.1.2 | 31.75 | 170.28 | 202.03 | OK | |
r-release-macos-arm64 | 0.1.2 | 76.00 | OK | |||
r-release-macos-x86_64 | 0.1.2 | 190.00 | OK | |||
r-release-windows-x86_64 | 0.1.2 | 25.00 | 157.00 | 182.00 | OK | |
r-oldrel-macos-arm64 | 0.1.2 | 82.00 | NOTE | |||
r-oldrel-macos-x86_64 | 0.1.2 | 118.00 | NOTE | |||
r-oldrel-windows-x86_64 | 0.1.2 | 31.00 | 214.00 | 245.00 | NOTE |
Version: 0.1.2
Check: CRAN incoming feasibility
Result: NOTE
Maintainer: ‘Joshua Ray Tanzer <jtanzer@lifespan.org>’
No Authors@R field in DESCRIPTION.
Please add one, modifying
Authors@R: person(given = c("Joshua", "Ray"),
family = "Tanzer",
role = c("aut", "cre"),
email = "jtanzer@lifespan.org")
as necessary.
Flavors: r-devel-linux-x86_64-debian-clang, r-devel-linux-x86_64-debian-gcc
Version: 0.1.2
Check: examples
Result: NOTE
Examples with CPU (user + system) or elapsed time > 5s
user system elapsed
bcor 5.351 0.184 7.266
brxx_Cor 4.118 0.070 6.551
Flavor: r-devel-linux-x86_64-debian-clang
Version: 0.1.2
Check: LazyData
Result: NOTE
'LazyData' is specified without a 'data' directory
Flavors: r-oldrel-macos-arm64, r-oldrel-macos-x86_64, r-oldrel-windows-x86_64