Last updated on 2025-04-30 04:50:01 CEST.
Flavor | Version | Tinstall | Tcheck | Ttotal | Status | Flags |
---|---|---|---|---|---|---|
r-devel-linux-x86_64-debian-clang | 1.1.3 | 12.48 | 92.25 | 104.73 | NOTE | |
r-devel-linux-x86_64-debian-gcc | 1.1.3 | 8.23 | 62.45 | 70.68 | NOTE | |
r-devel-linux-x86_64-fedora-clang | 1.1.3 | 148.02 | NOTE | |||
r-devel-linux-x86_64-fedora-gcc | 1.1.3 | 137.45 | NOTE | |||
r-devel-windows-x86_64 | 1.1.3 | 13.00 | 97.00 | 110.00 | OK | |
r-patched-linux-x86_64 | 1.1.3 | 11.05 | 83.27 | 94.32 | OK | |
r-release-linux-x86_64 | 1.1.3 | 11.02 | 81.90 | 92.92 | OK | |
r-release-macos-arm64 | 1.1.3 | 48.00 | OK | |||
r-release-macos-x86_64 | 1.1.3 | 75.00 | OK | |||
r-release-windows-x86_64 | 1.1.3 | 13.00 | 94.00 | 107.00 | OK | |
r-oldrel-macos-arm64 | 1.1.3 | 50.00 | OK | |||
r-oldrel-macos-x86_64 | 1.1.3 | 72.00 | OK | |||
r-oldrel-windows-x86_64 | 1.1.3 | 14.00 | 112.00 | 126.00 | OK |
Version: 1.1.3
Check: CRAN incoming feasibility
Result: NOTE
Maintainer: ‘Ian Jonsen <ian.jonsen@mq.edu.au>’
Package CITATION file contains call(s) to old-style personList() or
as.personList(). Please use c() on person objects instead.
Package CITATION file contains call(s) to old-style citEntry(). Please
use bibentry() instead.
Flavors: r-devel-linux-x86_64-debian-clang, r-devel-linux-x86_64-debian-gcc
Version: 1.1.3
Check: dependencies in R code
Result: NOTE
Namespaces in Imports field not imported from:
‘rworldxtra’ ‘sp’
All declared Imports should be used.
Flavors: r-devel-linux-x86_64-fedora-clang, r-devel-linux-x86_64-fedora-gcc