Last updated on 2025-04-30 04:50:01 CEST.
Flavor | Version | Tinstall | Tcheck | Ttotal | Status | Flags |
---|---|---|---|---|---|---|
r-devel-linux-x86_64-debian-clang | 0.0.61 | 12.10 | 27.01 | 39.11 | NOTE | |
r-devel-linux-x86_64-debian-gcc | 0.0.61 | 10.32 | 20.88 | 31.20 | NOTE | |
r-devel-linux-x86_64-fedora-clang | 0.0.61 | 65.62 | OK | |||
r-devel-linux-x86_64-fedora-gcc | 0.0.61 | 63.44 | OK | |||
r-devel-windows-x86_64 | 0.0.61 | 16.00 | 73.00 | 89.00 | OK | |
r-patched-linux-x86_64 | 0.0.61 | 13.21 | 24.42 | 37.63 | OK | |
r-release-linux-x86_64 | 0.0.61 | 13.55 | 24.51 | 38.06 | OK | |
r-release-macos-arm64 | 0.0.61 | 24.00 | OK | |||
r-release-macos-x86_64 | 0.0.61 | 39.00 | OK | |||
r-release-windows-x86_64 | 0.0.61 | 18.00 | 71.00 | 89.00 | OK | |
r-oldrel-macos-arm64 | 0.0.61 | 29.00 | OK | |||
r-oldrel-macos-x86_64 | 0.0.61 | 33.00 | OK | |||
r-oldrel-windows-x86_64 | 0.0.61 | 19.00 | 78.00 | 97.00 | OK |
Version: 0.0.61
Check: CRAN incoming feasibility
Result: NOTE
Maintainer: ‘Marco Giuliano <mgiuliano.mail@gmail.com>’
No Authors@R field in DESCRIPTION.
Please add one, modifying
Authors@R: person(given = "Marco",
family = "Giuliano",
role = c("aut", "cre"),
email = "mgiuliano.mail@gmail.com")
as necessary.
Flavors: r-devel-linux-x86_64-debian-clang, r-devel-linux-x86_64-debian-gcc