Last updated on 2025-04-30 04:50:01 CEST.
Flavor | Version | Tinstall | Tcheck | Ttotal | Status | Flags |
---|---|---|---|---|---|---|
r-devel-linux-x86_64-debian-clang | 0.3.2 | 71.95 | 434.39 | 506.34 | OK | |
r-devel-linux-x86_64-debian-gcc | 0.3.2 | 49.98 | 281.47 | 331.45 | OK | |
r-devel-linux-x86_64-fedora-clang | 0.3.2 | 865.72 | OK | |||
r-devel-linux-x86_64-fedora-gcc | 0.3.2 | 825.78 | OK | |||
r-devel-windows-x86_64 | 0.3.2 | 69.00 | 420.00 | 489.00 | OK | |
r-patched-linux-x86_64 | 0.3.2 | 80.07 | 407.08 | 487.15 | OK | |
r-release-linux-x86_64 | 0.3.2 | 79.05 | 409.86 | 488.91 | OK | |
r-release-macos-arm64 | 0.3.2 | 224.00 | OK | |||
r-release-macos-x86_64 | 0.3.2 | 338.00 | OK | |||
r-release-windows-x86_64 | 0.3.2 | 71.00 | 430.00 | 501.00 | OK | |
r-oldrel-macos-arm64 | 0.3.2 | 196.00 | NOTE | |||
r-oldrel-macos-x86_64 | 0.3.2 | 458.00 | NOTE | |||
r-oldrel-windows-x86_64 | 0.3.2 | 97.00 | 556.00 | 653.00 | NOTE |
Version: 0.3.2
Check: installed package size
Result: NOTE
installed size is 8.4Mb
sub-directories of 1Mb or more:
R 2.1Mb
data 5.3Mb
Flavors: r-oldrel-macos-arm64, r-oldrel-macos-x86_64, r-oldrel-windows-x86_64