Last updated on 2025-11-02 03:51:33 CET.
| Flavor | Version | Tinstall | Tcheck | Ttotal | Status | Flags | 
|---|---|---|---|---|---|---|
| r-devel-linux-x86_64-debian-clang | 1.6 | 2.96 | 28.33 | 31.29 | NOTE | |
| r-devel-linux-x86_64-debian-gcc | 1.6 | 2.20 | 21.43 | 23.63 | NOTE | |
| r-devel-linux-x86_64-fedora-clang | 1.6 | 45.58 | OK | |||
| r-devel-linux-x86_64-fedora-gcc | 1.6 | 44.01 | OK | |||
| r-devel-windows-x86_64 | 1.6 | 4.00 | 44.00 | 48.00 | OK | |
| r-patched-linux-x86_64 | 1.6 | 3.86 | 26.72 | 30.58 | OK | |
| r-release-linux-x86_64 | 1.6 | 3.40 | 26.63 | 30.03 | OK | |
| r-release-macos-arm64 | 1.6 | 2.00 | 17.00 | 19.00 | OK | |
| r-release-macos-x86_64 | 1.6 | 3.00 | 27.00 | 30.00 | OK | |
| r-release-windows-x86_64 | 1.6 | 4.00 | 43.00 | 47.00 | OK | |
| r-oldrel-macos-arm64 | 1.6 | 2.00 | 19.00 | 21.00 | OK | |
| r-oldrel-macos-x86_64 | 1.6 | 2.00 | 22.00 | 24.00 | OK | |
| r-oldrel-windows-x86_64 | 1.6 | 4.00 | 46.00 | 50.00 | OK | 
Version: 1.6
Check: CRAN incoming feasibility
Result: NOTE
  Maintainer: ‘Christian Roever <christian.roever@med.uni-goettingen.de>’
  
  Package CITATION file contains call(s) to old-style personList() or
  as.personList().  Please use c() on person objects instead.
  Package CITATION file contains call(s) to old-style citEntry().  Please
  use bibentry() instead.
Flavors: r-devel-linux-x86_64-debian-clang, r-devel-linux-x86_64-debian-gcc