Last updated on 2025-04-30 04:50:01 CEST.
Flavor | Version | Tinstall | Tcheck | Ttotal | Status | Flags |
---|---|---|---|---|---|---|
r-devel-linux-x86_64-debian-clang | 2.0.2 | 478.74 | 399.51 | 878.25 | NOTE | |
r-devel-linux-x86_64-debian-gcc | 2.0.2 | 343.16 | 223.54 | 566.70 | OK | |
r-devel-linux-x86_64-fedora-clang | 2.0.2 | 1608.74 | OK | |||
r-devel-linux-x86_64-fedora-gcc | 2.0.2 | 1529.85 | OK | |||
r-devel-windows-x86_64 | 2.0.2 | 528.00 | 436.00 | 964.00 | OK | |
r-patched-linux-x86_64 | 2.0.2 | 477.79 | 318.63 | 796.42 | OK | |
r-release-linux-x86_64 | 2.0.2 | 480.11 | 320.81 | 800.92 | OK | |
r-release-macos-arm64 | 2.0.2 | 376.00 | OK | |||
r-release-macos-x86_64 | 2.0.2 | 380.00 | OK | |||
r-release-windows-x86_64 | 2.0.2 | 516.00 | 436.00 | 952.00 | OK | |
r-oldrel-macos-arm64 | 2.0.2 | 320.00 | NOTE | |||
r-oldrel-macos-x86_64 | 2.0.2 | 386.00 | NOTE | |||
r-oldrel-windows-x86_64 | 2.0.2 | 620.00 | 520.00 | 1140.00 | NOTE |
Version: 2.0.2
Check: examples
Result: NOTE
Examples with CPU (user + system) or elapsed time > 5s
user system elapsed
run_mcmc 7.919 0.060 10.242
predict.mcmc_output 4.521 0.079 6.734
as.data.frame.mcmc_output 4.497 0.012 5.701
ar1_ng 4.165 0.018 5.259
Flavor: r-devel-linux-x86_64-debian-clang
Version: 2.0.2
Check: installed package size
Result: NOTE
installed size is 31.9Mb
sub-directories of 1Mb or more:
data 1.1Mb
doc 2.8Mb
libs 27.4Mb
Flavors: r-oldrel-macos-arm64, r-oldrel-macos-x86_64, r-oldrel-windows-x86_64