Last updated on 2025-04-30 04:50:01 CEST.
Flavor | Version | Tinstall | Tcheck | Ttotal | Status | Flags |
---|---|---|---|---|---|---|
r-devel-linux-x86_64-debian-clang | 1.1.0 | 3.82 | 35.71 | 39.53 | NOTE | |
r-devel-linux-x86_64-debian-gcc | 1.1.0 | 2.86 | 27.06 | 29.92 | NOTE | |
r-devel-linux-x86_64-fedora-clang | 1.1.0 | 68.33 | OK | |||
r-devel-linux-x86_64-fedora-gcc | 1.1.0 | 75.57 | OK | |||
r-devel-windows-x86_64 | 1.1.0 | 5.00 | 65.00 | 70.00 | OK | |
r-patched-linux-x86_64 | 1.1.0 | 4.17 | 33.57 | 37.74 | OK | |
r-release-linux-x86_64 | 1.1.0 | 3.78 | 34.19 | 37.97 | OK | |
r-release-macos-arm64 | 1.1.0 | 36.00 | OK | |||
r-release-macos-x86_64 | 1.1.0 | 92.00 | OK | |||
r-release-windows-x86_64 | 1.1.0 | 4.00 | 61.00 | 65.00 | OK | |
r-oldrel-macos-arm64 | 1.1.0 | 28.00 | OK | |||
r-oldrel-macos-x86_64 | 1.1.0 | 58.00 | OK | |||
r-oldrel-windows-x86_64 | 1.1.0 | 6.00 | 68.00 | 74.00 | OK |
Version: 1.1.0
Check: CRAN incoming feasibility
Result: NOTE
Maintainer: ‘Zuguang Gu <z.gu@dkfz.de>’
No Authors@R field in DESCRIPTION.
Please add one, modifying
Authors@R: person(given = "Zuguang",
family = "Gu",
role = c("aut", "cre"),
email = "z.gu@dkfz.de")
as necessary.
Flavors: r-devel-linux-x86_64-debian-clang, r-devel-linux-x86_64-debian-gcc