Last updated on 2025-02-21 03:52:08 CET.
Flavor | Version | Tinstall | Tcheck | Ttotal | Status | Flags |
---|---|---|---|---|---|---|
r-devel-linux-x86_64-debian-clang | 0.2.0 | 55.63 | 126.28 | 181.91 | NOTE | |
r-devel-linux-x86_64-debian-gcc | 0.2.0 | 39.70 | 90.66 | 130.36 | NOTE | |
r-devel-linux-x86_64-fedora-clang | 0.2.0 | 318.06 | NOTE | |||
r-devel-linux-x86_64-fedora-gcc | 0.2.0 | 306.35 | NOTE | |||
r-devel-macos-arm64 | 0.2.0 | 86.00 | NOTE | |||
r-devel-macos-x86_64 | 0.2.0 | 152.00 | NOTE | |||
r-devel-windows-x86_64 | 0.2.0 | 58.00 | 10.00 | 68.00 | ERROR | |
r-patched-linux-x86_64 | 0.2.0 | 48.49 | 117.23 | 165.72 | NOTE | |
r-release-linux-x86_64 | 0.2.0 | 52.92 | 118.04 | 170.96 | NOTE | |
r-release-macos-arm64 | 0.2.0 | 56.00 | NOTE | |||
r-release-macos-x86_64 | 0.2.0 | 82.00 | NOTE | |||
r-release-windows-x86_64 | 0.2.0 | 61.00 | 5.00 | 66.00 | ERROR | |
r-oldrel-macos-arm64 | 0.2.0 | 96.00 | NOTE | |||
r-oldrel-macos-x86_64 | 0.2.0 | 156.00 | NOTE | |||
r-oldrel-windows-x86_64 | 0.2.0 | 71.00 | 8.00 | 79.00 | ERROR |
Version: 0.2.0
Check: C++ specification
Result: NOTE
Specified C++11: please drop specification unless essential
Flavors: r-devel-linux-x86_64-debian-clang, r-devel-linux-x86_64-debian-gcc, r-devel-linux-x86_64-fedora-clang, r-devel-linux-x86_64-fedora-gcc, r-devel-macos-arm64, r-devel-macos-x86_64, r-patched-linux-x86_64, r-release-linux-x86_64, r-release-macos-arm64, r-release-macos-x86_64, r-oldrel-macos-arm64, r-oldrel-macos-x86_64
Version: 0.2.0
Check: whether package can be installed
Result: ERROR
Installation failed.
Flavors: r-devel-windows-x86_64, r-release-windows-x86_64, r-oldrel-windows-x86_64