CRAN Package Check Results for Package bubblyr

Last updated on 2025-04-30 04:50:01 CEST.

Flavor Version Tinstall Tcheck Ttotal Status Flags
r-devel-linux-x86_64-debian-clang 0.1.2 2.20 23.23 25.43 OK
r-devel-linux-x86_64-debian-gcc 0.1.2 1.66 18.88 20.54 OK
r-devel-linux-x86_64-fedora-clang 0.1.2 39.37 OK
r-devel-linux-x86_64-fedora-gcc 0.1.2 50.84 OK
r-devel-windows-x86_64 0.1.2 3.00 53.00 56.00 OK
r-patched-linux-x86_64 0.1.2 2.19 21.89 24.08 OK
r-release-linux-x86_64 0.1.2 2.00 21.40 23.40 OK
r-release-macos-arm64 0.1.2 30.00 OK
r-release-macos-x86_64 0.1.2 46.00 OK
r-release-windows-x86_64 0.1.2 4.00 52.00 56.00 OK
r-oldrel-macos-arm64 0.1.2 23.00 NOTE
r-oldrel-macos-x86_64 0.1.2 35.00 NOTE
r-oldrel-windows-x86_64 0.1.2 3.00 52.00 55.00 NOTE

Check Details

Version: 0.1.2
Check: LazyData
Result: NOTE 'LazyData' is specified without a 'data' directory Flavors: r-oldrel-macos-arm64, r-oldrel-macos-x86_64, r-oldrel-windows-x86_64