Last updated on 2025-04-30 04:50:01 CEST.
Flavor | Version | Tinstall | Tcheck | Ttotal | Status | Flags |
---|---|---|---|---|---|---|
r-devel-linux-x86_64-debian-clang | 0.1.2 | 2.84 | 34.87 | 37.71 | NOTE | |
r-devel-linux-x86_64-debian-gcc | 0.1.2 | 2.15 | 25.32 | 27.47 | OK | |
r-devel-linux-x86_64-fedora-clang | 0.1.2 | 59.95 | OK | |||
r-devel-linux-x86_64-fedora-gcc | 0.1.2 | 54.26 | OK | |||
r-devel-windows-x86_64 | 0.1.2 | 4.00 | 55.00 | 59.00 | OK | |
r-patched-linux-x86_64 | 0.1.2 | 2.67 | 31.65 | 34.32 | OK | |
r-release-linux-x86_64 | 0.1.2 | 2.63 | 31.30 | 33.93 | OK | |
r-release-macos-arm64 | 0.1.2 | 44.00 | OK | |||
r-release-macos-x86_64 | 0.1.2 | 60.00 | OK | |||
r-release-windows-x86_64 | 0.1.2 | 3.00 | 53.00 | 56.00 | OK | |
r-oldrel-macos-arm64 | 0.1.2 | 41.00 | OK | |||
r-oldrel-macos-x86_64 | 0.1.2 | 56.00 | OK | |||
r-oldrel-windows-x86_64 | 0.1.2 | 3.00 | 58.00 | 61.00 | OK |
Version: 0.1.2
Check: examples
Result: NOTE
Examples with CPU (user + system) or elapsed time > 5s
user system elapsed
budgetIV 6.659 0.131 9.377
Flavor: r-devel-linux-x86_64-debian-clang