Last updated on 2025-04-30 04:50:01 CEST.
Flavor | Version | Tinstall | Tcheck | Ttotal | Status | Flags |
---|---|---|---|---|---|---|
r-devel-linux-x86_64-debian-clang | 0.2-11 | 14.75 | 133.54 | 148.29 | NOTE | |
r-devel-linux-x86_64-debian-gcc | 0.2-11 | 11.31 | 92.36 | 103.67 | NOTE | |
r-devel-linux-x86_64-fedora-clang | 0.2-11 | 224.00 | OK | |||
r-devel-linux-x86_64-fedora-gcc | 0.2-11 | 222.34 | OK | |||
r-devel-windows-x86_64 | 0.2-11 | 16.00 | 149.00 | 165.00 | OK | |
r-patched-linux-x86_64 | 0.2-11 | 14.87 | 125.61 | 140.48 | OK | |
r-release-linux-x86_64 | 0.2-11 | 15.35 | 126.12 | 141.47 | OK | |
r-release-macos-arm64 | 0.2-11 | 79.00 | OK | |||
r-release-macos-x86_64 | 0.2-11 | 199.00 | OK | |||
r-release-windows-x86_64 | 0.2-11 | 17.00 | 144.00 | 161.00 | OK | |
r-oldrel-macos-arm64 | 0.2-11 | 66.00 | OK | |||
r-oldrel-macos-x86_64 | 0.2-11 | 94.00 | OK | |||
r-oldrel-windows-x86_64 | 0.2-11 | 22.00 | 179.00 | 201.00 | OK |
Version: 0.2-11
Check: CRAN incoming feasibility
Result: NOTE
Maintainer: ‘Zhu Wang <zwang145@uthsc.edu>’
No Authors@R field in DESCRIPTION.
Please add one, modifying
Authors@R: c(person(given = "Zhu",
family = "Wang",
role = c("aut", "cre"),
email = "https://orcid.org/0000-0002-0773-0052"),
person(family = "others",
role = "aut",
comment = "see COPYRIGHTS"))
as necessary.
Flavors: r-devel-linux-x86_64-debian-clang, r-devel-linux-x86_64-debian-gcc