CRAN Package Check Results for Package bulkQC

Last updated on 2025-04-30 04:50:01 CEST.

Flavor Version Tinstall Tcheck Ttotal Status Flags
r-devel-linux-x86_64-debian-clang 1.1 2.32 25.60 27.92 NOTE
r-devel-linux-x86_64-debian-gcc 1.1 2.12 19.93 22.05 NOTE
r-devel-linux-x86_64-fedora-clang 1.1 44.61 OK
r-devel-linux-x86_64-fedora-gcc 1.1 42.71 OK
r-devel-windows-x86_64 1.1 3.00 54.00 57.00 OK
r-patched-linux-x86_64 1.1 2.29 24.60 26.89 OK
r-release-linux-x86_64 1.1 2.34 24.51 26.85 OK
r-release-macos-arm64 1.1 20.00 OK
r-release-macos-x86_64 1.1 39.00 OK
r-release-windows-x86_64 1.1 5.00 52.00 57.00 OK
r-oldrel-macos-arm64 1.1 18.00 OK
r-oldrel-macos-x86_64 1.1 32.00 OK
r-oldrel-windows-x86_64 1.1 3.00 53.00 56.00 OK

Check Details

Version: 1.1
Check: CRAN incoming feasibility
Result: NOTE Maintainer: ‘Joseph Rigdon <jrigdon@wakehealth.edu>’ No Authors@R field in DESCRIPTION. Please add one, modifying Authors@R: person(given = "Joseph", family = "Rigdon", role = c("aut", "cre"), email = "jrigdon@wakehealth.edu") as necessary. Flavors: r-devel-linux-x86_64-debian-clang, r-devel-linux-x86_64-debian-gcc