Last updated on 2025-04-30 04:50:01 CEST.
Flavor | Version | Tinstall | Tcheck | Ttotal | Status | Flags |
---|---|---|---|---|---|---|
r-devel-linux-x86_64-debian-clang | 1.0.0 | 7.81 | 155.50 | 163.31 | NOTE | |
r-devel-linux-x86_64-debian-gcc | 1.0.0 | 5.17 | 93.21 | 98.38 | OK | |
r-devel-linux-x86_64-fedora-clang | 1.0.0 | 258.65 | OK | |||
r-devel-linux-x86_64-fedora-gcc | 1.0.0 | 259.22 | OK | |||
r-devel-windows-x86_64 | 1.0.0 | 9.00 | 145.00 | 154.00 | OK | |
r-patched-linux-x86_64 | 1.0.0 | 7.36 | 143.41 | 150.77 | OK | |
r-release-linux-x86_64 | 1.0.0 | 7.51 | 141.38 | 148.89 | OK | |
r-release-macos-arm64 | 1.0.0 | 76.00 | OK | |||
r-release-macos-x86_64 | 1.0.0 | 137.00 | OK | |||
r-release-windows-x86_64 | 1.0.0 | 8.00 | 143.00 | 151.00 | OK | |
r-oldrel-macos-arm64 | 1.0.0 | 67.00 | OK | |||
r-oldrel-macos-x86_64 | 1.0.0 | 111.00 | OK | |||
r-oldrel-windows-x86_64 | 1.0.0 | 11.00 | 198.00 | 209.00 | OK |
Version: 1.0.0
Check: examples
Result: NOTE
Examples with CPU (user + system) or elapsed time > 5s
user system elapsed
detect_cp 4.573 0.116 6.378
runmcmc_cpall 4.363 0.004 5.088
get_grooves_bcp 4.164 0.028 5.324
Flavor: r-devel-linux-x86_64-debian-clang