Last updated on 2025-04-30 04:50:01 CEST.
Flavor | Version | Tinstall | Tcheck | Ttotal | Status | Flags |
---|---|---|---|---|---|---|
r-devel-linux-x86_64-debian-clang | 0.1.2 | 6.44 | 166.16 | 172.60 | NOTE | |
r-devel-linux-x86_64-debian-gcc | 0.1.2 | 4.74 | 112.26 | 117.00 | OK | |
r-devel-linux-x86_64-fedora-clang | 0.1.2 | 282.40 | OK | |||
r-devel-linux-x86_64-fedora-gcc | 0.1.2 | 288.56 | OK | |||
r-devel-windows-x86_64 | 0.1.2 | 8.00 | 163.00 | 171.00 | OK | |
r-patched-linux-x86_64 | 0.1.2 | 6.87 | 154.96 | 161.83 | OK | |
r-release-linux-x86_64 | 0.1.2 | 6.52 | 157.22 | 163.74 | OK | |
r-release-macos-arm64 | 0.1.2 | 135.00 | OK | |||
r-release-macos-x86_64 | 0.1.2 | 156.00 | OK | |||
r-release-windows-x86_64 | 0.1.2 | 10.00 | 162.00 | 172.00 | OK | |
r-oldrel-macos-arm64 | 0.1.2 | 96.00 | OK | |||
r-oldrel-macos-x86_64 | 0.1.2 | 142.00 | OK | |||
r-oldrel-windows-x86_64 | 0.1.2 | 11.00 | 222.00 | 233.00 | OK |
Version: 0.1.2
Check: examples
Result: NOTE
Examples with CPU (user + system) or elapsed time > 5s
user system elapsed
pairwise_scores 5.75 0.051 6.897
Flavor: r-devel-linux-x86_64-debian-clang