Last updated on 2025-04-30 04:50:01 CEST.
Flavor | Version | Tinstall | Tcheck | Ttotal | Status | Flags |
---|---|---|---|---|---|---|
r-devel-linux-x86_64-debian-clang | 1.0.3 | 6.11 | 149.50 | 155.61 | NOTE | |
r-devel-linux-x86_64-debian-gcc | 1.0.3 | 4.18 | 100.21 | 104.39 | NOTE | |
r-devel-linux-x86_64-fedora-clang | 1.0.3 | 234.16 | OK | |||
r-devel-linux-x86_64-fedora-gcc | 1.0.3 | 234.89 | OK | |||
r-devel-windows-x86_64 | 1.0.3 | 7.00 | 134.00 | 141.00 | NOTE | |
r-patched-linux-x86_64 | 1.0.3 | 6.07 | 135.62 | 141.69 | NOTE | |
r-release-linux-x86_64 | 1.0.3 | 5.62 | 136.90 | 142.52 | NOTE | |
r-release-macos-arm64 | 1.0.3 | 96.00 | OK | |||
r-release-macos-x86_64 | 1.0.3 | 190.00 | OK | |||
r-release-windows-x86_64 | 1.0.3 | 9.00 | 134.00 | 143.00 | NOTE | |
r-oldrel-macos-arm64 | 1.0.3 | 66.00 | OK | |||
r-oldrel-macos-x86_64 | 1.0.3 | 95.00 | OK | |||
r-oldrel-windows-x86_64 | 1.0.3 | 9.00 | 193.00 | 202.00 | OK |
Version: 1.0.3
Check: Rd cross-references
Result: NOTE
Found the following Rd file(s) with Rd \link{} targets missing package
anchors:
brkpt.Rd: glm.nb
Please provide package anchors for all Rd \link{} targets not in the
package itself and the base packages.
Flavors: r-devel-linux-x86_64-debian-clang, r-devel-linux-x86_64-debian-gcc, r-devel-windows-x86_64, r-patched-linux-x86_64, r-release-linux-x86_64, r-release-windows-x86_64