Last updated on 2025-02-21 03:52:08 CET.
Flavor | Version | Tinstall | Tcheck | Ttotal | Status | Flags |
---|---|---|---|---|---|---|
r-devel-linux-x86_64-debian-clang | 1.2.0 | 2.43 | 434.33 | 436.76 | NOTE | |
r-devel-linux-x86_64-debian-gcc | 1.2.0 | 1.51 | 281.94 | 283.45 | NOTE | |
r-devel-linux-x86_64-fedora-clang | 1.2.0 | 696.37 | NOTE | |||
r-devel-linux-x86_64-fedora-gcc | 1.2.0 | 698.78 | NOTE | |||
r-devel-macos-arm64 | 1.2.0 | 199.00 | NOTE | |||
r-devel-macos-x86_64 | 1.2.0 | 406.00 | NOTE | |||
r-devel-windows-x86_64 | 1.2.0 | 5.00 | 276.00 | 281.00 | NOTE | --no-vignettes |
r-patched-linux-x86_64 | 1.2.0 | 2.90 | 407.74 | 410.64 | NOTE | |
r-release-linux-x86_64 | 1.2.0 | 2.05 | 408.22 | 410.27 | NOTE | |
r-release-macos-arm64 | 1.2.0 | 183.00 | NOTE | |||
r-release-macos-x86_64 | 1.2.0 | 318.00 | NOTE | |||
r-release-windows-x86_64 | 1.2.0 | 4.00 | 269.00 | 273.00 | NOTE | --no-vignettes |
r-oldrel-macos-arm64 | 1.2.0 | 217.00 | NOTE | |||
r-oldrel-macos-x86_64 | 1.2.0 | 386.00 | NOTE | |||
r-oldrel-windows-x86_64 | 1.2.0 | 5.00 | 321.00 | 326.00 | NOTE | --no-vignettes |
Version: 1.2.0
Check: Rd files
Result: NOTE
checkRd: (-1) kink_estimator.Rd:60: Escaped LaTeX specials: \$
Flavors: r-devel-linux-x86_64-debian-clang, r-devel-linux-x86_64-debian-gcc, r-devel-linux-x86_64-fedora-clang, r-devel-linux-x86_64-fedora-gcc, r-devel-macos-arm64, r-devel-macos-x86_64, r-patched-linux-x86_64, r-release-linux-x86_64, r-release-macos-arm64, r-release-macos-x86_64, r-oldrel-macos-arm64, r-oldrel-macos-x86_64
Version: 1.2.0
Flags: --no-vignettes
Check: Rd files
Result: NOTE
checkRd: (-1) kink_estimator.Rd:60: Escaped LaTeX specials: \$
Flavors: r-devel-windows-x86_64, r-release-windows-x86_64, r-oldrel-windows-x86_64
Version: 1.2.0
Check: LazyData
Result: NOTE
'LazyData' is specified without a 'data' directory
Flavors: r-patched-linux-x86_64, r-release-linux-x86_64, r-release-macos-arm64, r-release-macos-x86_64, r-oldrel-macos-arm64, r-oldrel-macos-x86_64
Version: 1.2.0
Flags: --no-vignettes
Check: LazyData
Result: NOTE
'LazyData' is specified without a 'data' directory
Flavors: r-release-windows-x86_64, r-oldrel-windows-x86_64