Last updated on 2025-04-30 04:50:01 CEST.
Flavor | Version | Tinstall | Tcheck | Ttotal | Status | Flags |
---|---|---|---|---|---|---|
r-devel-linux-x86_64-debian-clang | 0.2.0 | 2.55 | 33.51 | 36.06 | OK | |
r-devel-linux-x86_64-debian-gcc | 0.2.0 | 2.07 | 26.65 | 28.72 | OK | |
r-devel-linux-x86_64-fedora-clang | 0.2.0 | 60.11 | OK | |||
r-devel-linux-x86_64-fedora-gcc | 0.2.0 | 70.37 | OK | |||
r-devel-windows-x86_64 | 0.2.0 | 4.00 | 56.00 | 60.00 | OK | |
r-patched-linux-x86_64 | 0.2.0 | 2.76 | 32.22 | 34.98 | OK | |
r-release-linux-x86_64 | 0.2.0 | 2.68 | 33.09 | 35.77 | OK | |
r-release-macos-arm64 | 0.2.0 | 38.00 | OK | |||
r-release-macos-x86_64 | 0.2.0 | 63.00 | OK | |||
r-release-windows-x86_64 | 0.2.0 | 4.00 | 57.00 | 61.00 | OK | |
r-oldrel-macos-arm64 | 0.2.0 | 27.00 | NOTE | |||
r-oldrel-macos-x86_64 | 0.2.0 | 51.00 | NOTE | |||
r-oldrel-windows-x86_64 | 0.2.0 | 4.00 | 60.00 | 64.00 | NOTE |
Version: 0.2.0
Check: LazyData
Result: NOTE
'LazyData' is specified without a 'data' directory
Flavors: r-oldrel-macos-arm64, r-oldrel-macos-x86_64, r-oldrel-windows-x86_64