Last updated on 2025-02-21 03:52:08 CET.
Flavor | Version | Tinstall | Tcheck | Ttotal | Status | Flags |
---|---|---|---|---|---|---|
r-devel-linux-x86_64-debian-clang | 0.1-0 | 8.72 | 54.17 | 62.89 | NOTE | |
r-devel-linux-x86_64-debian-gcc | 0.1-0 | 5.44 | 40.42 | 45.86 | NOTE | |
r-devel-linux-x86_64-fedora-clang | 0.1-0 | 100.77 | NOTE | |||
r-devel-linux-x86_64-fedora-gcc | 0.1-0 | 110.21 | NOTE | |||
r-devel-macos-arm64 | 0.1-0 | 42.00 | NOTE | |||
r-devel-macos-x86_64 | 0.1-0 | 75.00 | NOTE | |||
r-devel-windows-x86_64 | 0.1-0 | 11.00 | 79.00 | 90.00 | NOTE | |
r-patched-linux-x86_64 | 0.1-0 | 8.33 | 51.95 | 60.28 | NOTE | |
r-release-linux-x86_64 | 0.1-0 | 7.92 | 51.95 | 59.87 | NOTE | |
r-release-macos-arm64 | 0.1-0 | 39.00 | NOTE | |||
r-release-macos-x86_64 | 0.1-0 | 57.00 | NOTE | |||
r-release-windows-x86_64 | 0.1-0 | 11.00 | 79.00 | 90.00 | NOTE | |
r-oldrel-macos-arm64 | 0.1-0 | 38.00 | OK | |||
r-oldrel-macos-x86_64 | 0.1-0 | 58.00 | OK | |||
r-oldrel-windows-x86_64 | 0.1-0 | 13.00 | 91.00 | 104.00 | OK |
Version: 0.1-0
Check: Rd files
Result: NOTE
checkRd: (-1) depreciation-class.Rd:43: Lost braces in \itemize; meant \describe ?
checkRd: (-1) depreciation-class.Rd:44: Lost braces in \itemize; meant \describe ?
checkRd: (-1) depreciation-class.Rd:45: Lost braces in \itemize; meant \describe ?
checkRd: (-1) depreciation-class.Rd:46-47: Lost braces in \itemize; meant \describe ?
checkRd: (-1) loan-class.Rd:46-48: Lost braces in \itemize; meant \describe ?
checkRd: (-1) loan-class.Rd:49: Lost braces in \itemize; meant \describe ?
checkRd: (-1) loan-class.Rd:50-51: Lost braces in \itemize; meant \describe ?
checkRd: (-1) model2df-methods.Rd:32-33: Lost braces in \itemize; meant \describe ?
checkRd: (-1) model2df-methods.Rd:34-35: Lost braces in \itemize; meant \describe ?
checkRd: (-1) model2df-methods.Rd:36-37: Lost braces in \itemize; meant \describe ?
checkRd: (-1) model2df-methods.Rd:38-39: Lost braces in \itemize; meant \describe ?
Flavors: r-devel-linux-x86_64-debian-clang, r-devel-linux-x86_64-debian-gcc, r-devel-linux-x86_64-fedora-clang, r-devel-linux-x86_64-fedora-gcc, r-devel-macos-arm64, r-devel-macos-x86_64, r-devel-windows-x86_64, r-patched-linux-x86_64, r-release-linux-x86_64, r-release-macos-arm64, r-release-macos-x86_64, r-release-windows-x86_64