Last updated on 2025-04-30 04:50:01 CEST.
Flavor | Version | Tinstall | Tcheck | Ttotal | Status | Flags |
---|---|---|---|---|---|---|
r-devel-linux-x86_64-debian-clang | 1.1 | 27.97 | 28.79 | 56.76 | NOTE | |
r-devel-linux-x86_64-debian-gcc | 1.1 | 19.43 | 22.60 | 42.03 | NOTE | |
r-devel-linux-x86_64-fedora-clang | 1.1 | 99.83 | NOTE | |||
r-devel-linux-x86_64-fedora-gcc | 1.1 | 97.48 | NOTE | |||
r-devel-windows-x86_64 | 1.1 | 34.00 | 72.00 | 106.00 | OK | |
r-patched-linux-x86_64 | 1.1 | 29.82 | 27.32 | 57.14 | OK | |
r-release-linux-x86_64 | 1.1 | 30.45 | 27.86 | 58.31 | OK | |
r-release-macos-arm64 | 1.1 | 31.00 | OK | |||
r-release-macos-x86_64 | 1.1 | 69.00 | OK | |||
r-release-windows-x86_64 | 1.1 | 35.00 | 70.00 | 105.00 | OK | |
r-oldrel-macos-arm64 | 1.1 | 33.00 | OK | |||
r-oldrel-macos-x86_64 | 1.1 | 45.00 | OK | |||
r-oldrel-windows-x86_64 | 1.1 | 39.00 | 79.00 | 118.00 | OK |
Version: 1.1
Check: CRAN incoming feasibility
Result: NOTE
Maintainer: ‘Fabian Krueger <Fabian.Krueger83@gmail.com>’
No Authors@R field in DESCRIPTION.
Please add one, modifying
Authors@R: person(given = "Fabian",
family = "Krueger",
role = c("aut", "cre"),
email = "fabian.krueger83@gmail.com")
as necessary.
Flavors: r-devel-linux-x86_64-debian-clang, r-devel-linux-x86_64-debian-gcc
Version: 1.1
Check: compiled code
Result: NOTE
File ‘bvarsv/libs/bvarsv.so’:
Found no calls to: ‘R_registerRoutines’, ‘R_useDynamicSymbols’
It is good practice to register native routines and to disable symbol
search.
See ‘Writing portable packages’ in the ‘Writing R Extensions’ manual.
Flavors: r-devel-linux-x86_64-fedora-clang, r-devel-linux-x86_64-fedora-gcc