Last updated on 2025-04-30 04:50:01 CEST.
Flavor | Version | Tinstall | Tcheck | Ttotal | Status | Flags |
---|---|---|---|---|---|---|
r-devel-linux-x86_64-debian-clang | 0.2.4 | 353.45 | 208.28 | 561.73 | NOTE | |
r-devel-linux-x86_64-debian-gcc | 0.2.4 | 246.53 | 150.30 | 396.83 | NOTE | |
r-devel-linux-x86_64-fedora-clang | 0.2.4 | 911.32 | OK | |||
r-devel-linux-x86_64-fedora-gcc | 0.2.4 | 983.86 | OK | |||
r-devel-windows-x86_64 | 0.2.4 | 356.00 | 246.00 | 602.00 | OK | |
r-patched-linux-x86_64 | 0.2.4 | 345.40 | 201.59 | 546.99 | OK | |
r-release-linux-x86_64 | 0.2.4 | 349.75 | 201.40 | 551.15 | OK | |
r-release-macos-arm64 | 0.2.4 | 261.00 | OK | |||
r-release-macos-x86_64 | 0.2.4 | 346.00 | OK | |||
r-release-windows-x86_64 | 0.2.4 | 355.00 | 247.00 | 602.00 | OK | |
r-oldrel-macos-arm64 | 0.2.4 | 229.00 | NOTE | |||
r-oldrel-macos-x86_64 | 0.2.4 | 267.00 | NOTE | |||
r-oldrel-windows-x86_64 | 0.2.4 | 411.00 | 302.00 | 713.00 | OK |
Version: 0.2.4
Check: DESCRIPTION meta-information
Result: NOTE
Author field differs from that derived from Authors@R
Author: ‘Franz X. Mohr [aut, cre] (0009-0003-8890-7781)’
Authors@R: ‘Franz X. Mohr [aut, cre] (ORCiD: 0009-0003-8890-7781)’
Flavors: r-devel-linux-x86_64-debian-clang, r-devel-linux-x86_64-debian-gcc
Version: 0.2.4
Check: installed package size
Result: NOTE
installed size is 22.4Mb
sub-directories of 1Mb or more:
libs 20.9Mb
Flavors: r-oldrel-macos-arm64, r-oldrel-macos-x86_64