Last updated on 2025-04-30 04:50:01 CEST.
Flavor | Version | Tinstall | Tcheck | Ttotal | Status | Flags |
---|---|---|---|---|---|---|
r-devel-linux-x86_64-debian-clang | 0.3.1 | 4.86 | 41.18 | 46.04 | OK | |
r-devel-linux-x86_64-debian-gcc | 0.3.1 | 3.66 | 30.39 | 34.05 | OK | |
r-devel-linux-x86_64-fedora-clang | 0.3.1 | 72.75 | OK | |||
r-devel-linux-x86_64-fedora-gcc | 0.3.1 | 66.48 | OK | |||
r-devel-windows-x86_64 | 0.3.1 | 6.00 | 57.00 | 63.00 | OK | |
r-patched-linux-x86_64 | 0.3.1 | 5.17 | 38.09 | 43.26 | OK | |
r-release-linux-x86_64 | 0.3.1 | 4.93 | 38.30 | 43.23 | OK | |
r-release-macos-arm64 | 0.3.1 | 27.00 | OK | |||
r-release-macos-x86_64 | 0.3.1 | 45.00 | OK | |||
r-release-windows-x86_64 | 0.3.1 | 6.00 | 57.00 | 63.00 | OK | |
r-oldrel-macos-arm64 | 0.3.1 | 23.00 | NOTE | |||
r-oldrel-macos-x86_64 | 0.3.1 | 36.00 | NOTE | |||
r-oldrel-windows-x86_64 | 0.3.1 | 7.00 | 65.00 | 72.00 | NOTE |
Version: 0.3.1
Check: LazyData
Result: NOTE
'LazyData' is specified without a 'data' directory
Flavors: r-oldrel-macos-arm64, r-oldrel-macos-x86_64, r-oldrel-windows-x86_64