Last updated on 2025-04-30 04:50:01 CEST.
Flavor | Version | Tinstall | Tcheck | Ttotal | Status | Flags |
---|---|---|---|---|---|---|
r-devel-linux-x86_64-debian-clang | 1.0.8 | 26.33 | 33.58 | 59.91 | NOTE | |
r-devel-linux-x86_64-debian-gcc | 1.0.8 | 19.17 | 24.69 | 43.86 | NOTE | |
r-devel-linux-x86_64-fedora-clang | 1.0.8 | 108.11 | OK | |||
r-devel-linux-x86_64-fedora-gcc | 1.0.8 | 99.75 | OK | |||
r-devel-windows-x86_64 | 1.0.8 | 31.00 | 82.00 | 113.00 | OK | |
r-patched-linux-x86_64 | 1.0.8 | 26.10 | 32.07 | 58.17 | OK | |
r-release-linux-x86_64 | 1.0.8 | 27.11 | 32.26 | 59.37 | OK | |
r-release-macos-arm64 | 1.0.8 | 30.00 | OK | |||
r-release-macos-x86_64 | 1.0.8 | 51.00 | OK | |||
r-release-windows-x86_64 | 1.0.8 | 29.00 | 79.00 | 108.00 | OK | |
r-oldrel-macos-arm64 | 1.0.8 | 33.00 | OK | |||
r-oldrel-macos-x86_64 | 1.0.8 | 38.00 | OK | |||
r-oldrel-windows-x86_64 | 1.0.8 | 33.00 | 88.00 | 121.00 | OK |
Version: 1.0.8
Check: CRAN incoming feasibility
Result: NOTE
Maintainer: ‘Hunyong Cho <hunyong.cho@gmail.com>’
No Authors@R field in DESCRIPTION.
Please add one, modifying
Authors@R: c(person(given = "Hunyong",
family = "Cho",
role = c("aut", "cre"),
email = "hunyong.cho@gmail.com"),
person(given = "Chuwen",
family = "Liu",
role = "aut"),
person(given = "Jinyoung",
family = "Park",
role = "aut"),
person(given = "Di",
family = "Wu",
role = "aut"))
as necessary.
Flavors: r-devel-linux-x86_64-debian-clang, r-devel-linux-x86_64-debian-gcc