Last updated on 2025-04-30 04:50:01 CEST.
Flavor | Version | Tinstall | Tcheck | Ttotal | Status | Flags |
---|---|---|---|---|---|---|
r-devel-linux-x86_64-debian-clang | 0.3-0 | 8.66 | 66.29 | 74.95 | NOTE | |
r-devel-linux-x86_64-debian-gcc | 0.3-0 | 6.06 | 49.48 | 55.54 | NOTE | |
r-devel-linux-x86_64-fedora-clang | 0.3-0 | 119.95 | OK | |||
r-devel-linux-x86_64-fedora-gcc | 0.3-0 | 110.93 | OK | |||
r-devel-windows-x86_64 | 0.3-0 | 9.00 | 90.00 | 99.00 | NOTE | |
r-patched-linux-x86_64 | 0.3-0 | 8.08 | 63.96 | 72.04 | NOTE | |
r-release-linux-x86_64 | 0.3-0 | 8.24 | 63.44 | 71.68 | NOTE | |
r-release-macos-arm64 | 0.3-0 | 46.00 | OK | |||
r-release-macos-x86_64 | 0.3-0 | 73.00 | OK | |||
r-release-windows-x86_64 | 0.3-0 | 10.00 | 84.00 | 94.00 | NOTE | |
r-oldrel-macos-arm64 | 0.3-0 | 35.00 | OK | |||
r-oldrel-macos-x86_64 | 0.3-0 | 66.00 | OK | |||
r-oldrel-windows-x86_64 | 0.3-0 | 10.00 | 96.00 | 106.00 | OK |
Version: 0.3-0
Check: CRAN incoming feasibility
Result: NOTE
Maintainer: ‘Frederic Bertrand <frederic.bertrand@utt.fr>’
No Authors@R field in DESCRIPTION.
Please add one, modifying
Authors@R: c(person(given = "Martin",
family = "Sill",
role = "aut"),
person(given = "Thomas",
family = "Hielscher",
role = "aut"),
person(given = "Manuela",
family = "Zucknick",
role = "aut"),
person(given = "Natalia",
family = "Becker.",
role = "aut"),
person(given = "Frederic",
family = "Bertrand",
role = "cre",
email = "frederic.bertrand@utt.fr"))
as necessary.
Flavors: r-devel-linux-x86_64-debian-clang, r-devel-linux-x86_64-debian-gcc
Version: 0.3-0
Check: Rd cross-references
Result: NOTE
Found the following Rd file(s) with Rd \link{} targets missing package
anchors:
balancedFolds.Rd: EPSGO
coef.intsearch.Rd: EPSGO
plot.summary.int.Rd: EPSGO
stabpath.Rd: glmnet
summary.intsearch.Rd: EPSGO
Please provide package anchors for all Rd \link{} targets not in the
package itself and the base packages.
Flavors: r-devel-linux-x86_64-debian-clang, r-devel-linux-x86_64-debian-gcc, r-devel-windows-x86_64, r-patched-linux-x86_64, r-release-linux-x86_64, r-release-windows-x86_64