Last updated on 2025-04-30 04:50:01 CEST.
Flavor | Version | Tinstall | Tcheck | Ttotal | Status | Flags |
---|---|---|---|---|---|---|
r-devel-linux-x86_64-debian-clang | 1.3.2 | 49.95 | 304.71 | 354.66 | NOTE | |
r-devel-linux-x86_64-debian-gcc | 1.3.2 | 37.12 | 250.79 | 287.91 | NOTE | |
r-devel-linux-x86_64-fedora-clang | 1.3.2 | 608.98 | NOTE | |||
r-devel-linux-x86_64-fedora-gcc | 1.3.2 | 592.31 | NOTE | |||
r-devel-windows-x86_64 | 1.3.2 | 61.00 | 367.00 | 428.00 | NOTE | |
r-patched-linux-x86_64 | 1.3.2 | 52.49 | 284.99 | 337.48 | NOTE | |
r-release-linux-x86_64 | 1.3.2 | 53.13 | 281.75 | 334.88 | NOTE | |
r-release-macos-arm64 | 1.3.2 | 268.00 | NOTE | |||
r-release-macos-x86_64 | 1.3.2 | 426.00 | NOTE | |||
r-release-windows-x86_64 | 1.3.2 | 62.00 | 367.00 | 429.00 | NOTE | |
r-oldrel-macos-arm64 | 1.3.2 | 225.00 | NOTE | |||
r-oldrel-macos-x86_64 | 1.3.2 | 320.00 | NOTE | |||
r-oldrel-windows-x86_64 | 1.3.2 | 70.00 | 439.00 | 509.00 | NOTE |
Version: 1.3.2
Check: CRAN incoming feasibility
Result: NOTE
Maintainer: ‘James Joseph Balamuta <balamut2@illinois.edu>’
Package CITATION file contains call(s) to old-style personList() or
as.personList(). Please use c() on person objects instead.
Package CITATION file contains call(s) to old-style citEntry(). Please
use bibentry() instead.
Flavors: r-devel-linux-x86_64-debian-clang, r-devel-linux-x86_64-debian-gcc
Version: 1.3.2
Check: C++ specification
Result: NOTE
Specified C++11: please drop specification unless essential
Flavors: r-devel-linux-x86_64-debian-clang, r-devel-linux-x86_64-debian-gcc, r-devel-linux-x86_64-fedora-clang, r-devel-linux-x86_64-fedora-gcc, r-devel-windows-x86_64, r-patched-linux-x86_64, r-release-linux-x86_64, r-release-macos-arm64, r-release-macos-x86_64, r-release-windows-x86_64, r-oldrel-macos-arm64, r-oldrel-macos-x86_64, r-oldrel-windows-x86_64