Last updated on 2025-04-30 04:50:02 CEST.
Flavor | Version | Tinstall | Tcheck | Ttotal | Status | Flags |
---|---|---|---|---|---|---|
r-devel-linux-x86_64-debian-clang | 3.4.0 | 10.88 | 187.71 | 198.59 | NOTE | |
r-devel-linux-x86_64-debian-gcc | 3.4.0 | 7.64 | 123.23 | 130.87 | NOTE | |
r-devel-linux-x86_64-fedora-clang | 3.4.0 | 303.45 | OK | |||
r-devel-linux-x86_64-fedora-gcc | 3.4.0 | 307.36 | OK | |||
r-devel-windows-x86_64 | 3.4.0 | 13.00 | 212.00 | 225.00 | OK | |
r-patched-linux-x86_64 | 3.4.0 | 11.28 | 173.93 | 185.21 | OK | |
r-release-linux-x86_64 | 3.4.0 | 10.94 | 174.71 | 185.65 | OK | |
r-release-macos-arm64 | 3.4.0 | 104.00 | OK | |||
r-release-macos-x86_64 | 3.4.0 | 180.00 | OK | |||
r-release-windows-x86_64 | 3.4.0 | 13.00 | 202.00 | 215.00 | OK | |
r-oldrel-macos-arm64 | 3.4.0 | 98.00 | OK | |||
r-oldrel-macos-x86_64 | 3.4.0 | 160.00 | OK | |||
r-oldrel-windows-x86_64 | 3.4.0 | 17.00 | 259.00 | 276.00 | OK |
Version: 3.4.0
Check: examples
Result: NOTE
Examples with CPU (user + system) or elapsed time > 5s
user system elapsed
checkConsistency 7.311 0.239 8.918
plotPercentileSeries 4.828 0.000 5.736
rawTable 4.731 0.004 5.980
elfe 3.486 0.013 5.561
Flavor: r-devel-linux-x86_64-debian-clang
Version: 3.4.0
Check: examples
Result: NOTE
Examples with CPU (user + system) or elapsed time > 5s
user system elapsed
checkConsistency 3.872 0.181 5.561
Flavor: r-devel-linux-x86_64-debian-gcc