Last updated on 2025-04-30 04:50:02 CEST.
Flavor | Version | Tinstall | Tcheck | Ttotal | Status | Flags |
---|---|---|---|---|---|---|
r-devel-linux-x86_64-debian-clang | 1.1.1 | 3.13 | 27.49 | 30.62 | NOTE | |
r-devel-linux-x86_64-debian-gcc | 1.1.1 | 2.51 | 20.98 | 23.49 | NOTE | |
r-devel-linux-x86_64-fedora-clang | 1.1.1 | 51.06 | OK | |||
r-devel-linux-x86_64-fedora-gcc | 1.1.1 | 47.13 | OK | |||
r-devel-windows-x86_64 | 1.1.1 | 4.00 | 57.00 | 61.00 | OK | |
r-patched-linux-x86_64 | 1.1.1 | 3.07 | 25.73 | 28.80 | OK | |
r-release-linux-x86_64 | 1.1.1 | 3.32 | 25.89 | 29.21 | OK | |
r-release-macos-arm64 | 1.1.1 | 19.00 | OK | |||
r-release-macos-x86_64 | 1.1.1 | 41.00 | OK | |||
r-release-windows-x86_64 | 1.1.1 | 4.00 | 59.00 | 63.00 | OK | |
r-oldrel-macos-arm64 | 1.1.1 | 25.00 | NOTE | |||
r-oldrel-macos-x86_64 | 1.1.1 | 27.00 | NOTE | |||
r-oldrel-windows-x86_64 | 1.1.1 | 6.00 | 57.00 | 63.00 | OK |
Version: 1.1.1
Check: CRAN incoming feasibility
Result: NOTE
Maintainer: ‘Daniel Kaschek <daniel.kaschek@gmail.com>’
No Authors@R field in DESCRIPTION.
Please add one, modifying
Authors@R: person(given = "Daniel",
family = "Kaschek",
role = c("aut", "cre"),
email = "daniel.kaschek@gmail.com")
as necessary.
Flavors: r-devel-linux-x86_64-debian-clang, r-devel-linux-x86_64-debian-gcc
Version: 1.1.1
Check: package dependencies
Result: NOTE
Package suggested but not available for checking: ‘bvpSolve’
Flavors: r-oldrel-macos-arm64, r-oldrel-macos-x86_64