Last updated on 2025-04-30 04:50:02 CEST.
Flavor | Version | Tinstall | Tcheck | Ttotal | Status | Flags |
---|---|---|---|---|---|---|
r-devel-linux-x86_64-debian-clang | 1.0 | 16.58 | 25.75 | 42.33 | NOTE | |
r-devel-linux-x86_64-debian-gcc | 1.0 | 14.33 | 20.77 | 35.10 | NOTE | |
r-devel-linux-x86_64-fedora-clang | 1.0 | 83.93 | NOTE | |||
r-devel-linux-x86_64-fedora-gcc | 1.0 | 91.35 | NOTE | |||
r-devel-windows-x86_64 | 1.0 | 26.00 | 73.00 | 99.00 | NOTE | |
r-patched-linux-x86_64 | 1.0 | 20.90 | 24.78 | 45.68 | NOTE | |
r-release-linux-x86_64 | 1.0 | 16.40 | 25.46 | 41.86 | NOTE | |
r-release-macos-arm64 | 1.0 | 42.00 | NOTE | |||
r-release-macos-x86_64 | 1.0 | 53.00 | NOTE | |||
r-release-windows-x86_64 | 1.0 | 25.00 | 70.00 | 95.00 | NOTE | |
r-oldrel-macos-arm64 | 1.0 | 32.00 | NOTE | |||
r-oldrel-macos-x86_64 | 1.0 | 43.00 | NOTE | |||
r-oldrel-windows-x86_64 | 1.0 | 30.00 | 76.00 | 106.00 | NOTE |
Version: 1.0
Check: CRAN incoming feasibility
Result: NOTE
Maintainer: ‘Yongwen Zhuang <zyongwen@umich.edu>’
No Authors@R field in DESCRIPTION.
Please add one, modifying
Authors@R: person(given = "Yongwen",
family = "Zhuang",
role = c("aut", "cre"),
email = "zyongwen@umich.edu")
as necessary.
Flavors: r-devel-linux-x86_64-debian-clang, r-devel-linux-x86_64-debian-gcc
Version: 1.0
Check: C++ specification
Result: NOTE
Specified C++11: please drop specification unless essential
Flavors: r-devel-linux-x86_64-debian-clang, r-devel-linux-x86_64-debian-gcc, r-devel-linux-x86_64-fedora-clang, r-devel-linux-x86_64-fedora-gcc, r-devel-windows-x86_64, r-patched-linux-x86_64, r-release-linux-x86_64, r-release-macos-arm64, r-release-macos-x86_64, r-release-windows-x86_64, r-oldrel-macos-arm64, r-oldrel-macos-x86_64, r-oldrel-windows-x86_64