Last updated on 2025-04-30 04:50:03 CEST.
Flavor | Version | Tinstall | Tcheck | Ttotal | Status | Flags |
---|---|---|---|---|---|---|
r-devel-linux-x86_64-debian-clang | 0.6.0 | 19.05 | 158.57 | 177.62 | NOTE | |
r-devel-linux-x86_64-debian-gcc | 0.6.0 | 11.27 | 104.84 | 116.11 | OK | |
r-devel-linux-x86_64-fedora-clang | 0.6.0 | 276.10 | NOTE | |||
r-devel-linux-x86_64-fedora-gcc | 0.6.0 | 279.73 | NOTE | |||
r-devel-windows-x86_64 | 0.6.0 | 20.00 | 181.00 | 201.00 | OK | |
r-patched-linux-x86_64 | 0.6.0 | 22.87 | 150.25 | 173.12 | OK | |
r-release-linux-x86_64 | 0.6.0 | 20.31 | 148.53 | 168.84 | OK | |
r-release-macos-arm64 | 0.6.0 | 90.00 | OK | |||
r-release-macos-x86_64 | 0.6.0 | 162.00 | OK | |||
r-release-windows-x86_64 | 0.6.0 | 20.00 | 172.00 | 192.00 | OK | |
r-oldrel-macos-arm64 | 0.6.0 | 79.00 | OK | |||
r-oldrel-macos-x86_64 | 0.6.0 | 169.00 | OK | |||
r-oldrel-windows-x86_64 | 0.6.0 | 25.00 | 222.00 | 247.00 | OK |
Version: 0.6.0
Check: examples
Result: NOTE
Examples with CPU (user + system) or elapsed time > 5s
user system elapsed
resampleData 4.401 0.091 5.247
Flavor: r-devel-linux-x86_64-debian-clang
Version: 0.6.0
Check: dependencies in R code
Result: NOTE
Namespace in Imports field not imported from: ‘Rdpack’
All declared Imports should be used.
Flavors: r-devel-linux-x86_64-fedora-clang, r-devel-linux-x86_64-fedora-gcc