Last updated on 2025-02-21 03:52:10 CET.
Flavor | Version | Tinstall | Tcheck | Ttotal | Status | Flags |
---|---|---|---|---|---|---|
r-devel-linux-x86_64-debian-clang | 1.0.5 | 35.15 | 64.79 | 99.94 | OK | |
r-devel-linux-x86_64-debian-gcc | 1.0.5 | 24.75 | 44.60 | 69.35 | OK | |
r-devel-linux-x86_64-fedora-clang | 1.0.5 | 169.14 | OK | |||
r-devel-linux-x86_64-fedora-gcc | 1.0.5 | 164.58 | OK | |||
r-devel-macos-arm64 | 1.0.5 | 43.00 | OK | |||
r-devel-macos-x86_64 | 1.0.5 | 78.00 | OK | |||
r-devel-windows-x86_64 | 1.0.5 | 37.00 | 121.00 | 158.00 | OK | |
r-patched-linux-x86_64 | 1.0.5 | 41.58 | 59.74 | 101.32 | OK | |
r-release-linux-x86_64 | 1.0.5 | 35.93 | 59.98 | 95.91 | OK | |
r-release-macos-arm64 | 1.0.5 | 53.00 | OK | |||
r-release-macos-x86_64 | 1.0.5 | 109.00 | OK | |||
r-release-windows-x86_64 | 1.0.5 | 38.00 | 114.00 | 152.00 | OK | |
r-oldrel-macos-arm64 | 1.0.4 | 50.00 | OK | |||
r-oldrel-macos-x86_64 | 1.0.5 | 139.00 | NOTE | |||
r-oldrel-windows-x86_64 | 1.0.5 | 47.00 | 137.00 | 184.00 | OK |
Version: 1.0.5
Check: installed package size
Result: NOTE
installed size is 5.0Mb
sub-directories of 1Mb or more:
libs 4.4Mb
Flavor: r-oldrel-macos-x86_64