Last updated on 2025-04-30 04:50:01 CEST.
Flavor | Version | Tinstall | Tcheck | Ttotal | Status | Flags |
---|---|---|---|---|---|---|
r-devel-linux-x86_64-debian-clang | 0.6.0 | 2.70 | 22.86 | 25.56 | OK | |
r-devel-linux-x86_64-debian-gcc | 0.6.0 | 1.92 | 18.51 | 20.43 | OK | |
r-devel-linux-x86_64-fedora-clang | 0.6.0 | 41.05 | OK | |||
r-devel-linux-x86_64-fedora-gcc | 0.6.0 | 38.39 | OK | |||
r-devel-windows-x86_64 | 0.6.0 | 4.00 | 50.00 | 54.00 | OK | |
r-patched-linux-x86_64 | 0.6.0 | 2.86 | 22.44 | 25.30 | OK | |
r-release-linux-x86_64 | 0.6.0 | 2.19 | 21.82 | 24.01 | OK | |
r-release-macos-arm64 | 0.6.0 | 22.00 | OK | |||
r-release-macos-x86_64 | 0.6.0 | 31.00 | OK | |||
r-release-windows-x86_64 | 0.6.0 | 5.00 | 46.00 | 51.00 | OK | |
r-oldrel-macos-arm64 | 0.6.0 | 20.00 | NOTE | |||
r-oldrel-macos-x86_64 | 0.6.0 | 27.00 | NOTE | |||
r-oldrel-windows-x86_64 | 0.6.0 | 7.00 | 46.00 | 53.00 | ERROR |
Version: 0.6.0
Check: LazyData
Result: NOTE
'LazyData' is specified without a 'data' directory
Flavors: r-oldrel-macos-arm64, r-oldrel-macos-x86_64, r-oldrel-windows-x86_64
Version: 0.6.0
Check: tests
Result: ERROR
Running 'testthat.R' [0s]
Running the tests in 'tests/testthat.R' failed.
Complete output:
R version 4.4.3 (2025-02-28 ucrt) -- "Trophy Case"
Copyright (C) 2025 The R Foundation for Statistical Computing
Platform: x86_64-w64-mingw32/x64
R is free software and comes with ABSOLUTELY NO WARRANTY.
You are welcome to redistribute it under certain conditions.
Type 'license()' or 'licence()' for distribution details.
R is a collaborative project with many contributors.
Type 'contributors()' for more information and
'citation()' on how to cite R or R packages in publications.
Type 'demo()' for some demos, 'help()' for on-line help, or
'help.start()' for an HTML browser interface to help.
Type 'q()' to quit R.
Flavor: r-oldrel-windows-x86_64