Last updated on 2025-04-30 04:50:01 CEST.
Flavor | Version | Tinstall | Tcheck | Ttotal | Status | Flags |
---|---|---|---|---|---|---|
r-devel-linux-x86_64-debian-clang | 2.1.0 | 5.76 | 63.84 | 69.60 | NOTE | |
r-devel-linux-x86_64-debian-gcc | 2.1.0 | 3.77 | 41.79 | 45.56 | NOTE | |
r-devel-linux-x86_64-fedora-clang | 2.1.0 | 111.73 | OK | |||
r-devel-linux-x86_64-fedora-gcc | 2.1.0 | 106.39 | OK | |||
r-devel-windows-x86_64 | 2.1.0 | 6.00 | 109.00 | 115.00 | OK | |
r-patched-linux-x86_64 | 2.1.0 | 6.80 | 60.26 | 67.06 | OK | |
r-release-linux-x86_64 | 2.1.0 | 5.02 | 62.42 | 67.44 | OK | |
r-release-macos-arm64 | 2.1.0 | 32.00 | OK | |||
r-release-macos-x86_64 | 2.1.0 | 58.00 | OK | |||
r-release-windows-x86_64 | 2.1.0 | 6.00 | 105.00 | 111.00 | OK | |
r-oldrel-macos-arm64 | 2.1.0 | 33.00 | OK | |||
r-oldrel-macos-x86_64 | 2.1.0 | 47.00 | OK | |||
r-oldrel-windows-x86_64 | 2.1.0 | 6.00 | 131.00 | 137.00 | OK |
Version: 2.1.0
Check: CRAN incoming feasibility
Result: NOTE
Maintainer: ‘Trevor Ringrose <t.j.ringrose@cranfield.ac.uk>’
No Authors@R field in DESCRIPTION.
Please add one, modifying
Authors@R: person(given = "Trevor",
family = "Ringrose",
role = c("aut", "cre"),
email = "t.j.ringrose@cranfield.ac.uk")
as necessary.
Flavors: r-devel-linux-x86_64-debian-clang, r-devel-linux-x86_64-debian-gcc