CRAN Package Check Results for Package caffsim

Last updated on 2025-04-30 04:50:01 CEST.

Flavor Version Tinstall Tcheck Ttotal Status Flags
r-devel-linux-x86_64-debian-clang 0.2.2 11.42 86.29 97.71 OK
r-devel-linux-x86_64-debian-gcc 0.2.2 7.93 60.32 68.25 OK
r-devel-linux-x86_64-fedora-clang 0.2.2 141.52 NOTE
r-devel-linux-x86_64-fedora-gcc 0.2.2 135.25 NOTE
r-devel-windows-x86_64 0.2.2 11.00 98.00 109.00 OK
r-patched-linux-x86_64 0.2.2 10.51 81.86 92.37 OK
r-release-linux-x86_64 0.2.2 11.17 82.81 93.98 OK
r-release-macos-arm64 0.2.2 68.00 OK
r-release-macos-x86_64 0.2.2 80.00 OK
r-release-windows-x86_64 0.2.2 11.00 94.00 105.00 OK
r-oldrel-macos-arm64 0.2.2 43.00 OK
r-oldrel-macos-x86_64 0.2.2 136.00 OK
r-oldrel-windows-x86_64 0.2.2 15.00 118.00 133.00 OK

Check Details

Version: 0.2.2
Check: dependencies in R code
Result: NOTE Namespace in Imports field not imported from: ‘markdown’ All declared Imports should be used. Flavors: r-devel-linux-x86_64-fedora-clang, r-devel-linux-x86_64-fedora-gcc