Last updated on 2025-04-30 04:50:01 CEST.
Flavor | Version | Tinstall | Tcheck | Ttotal | Status | Flags |
---|---|---|---|---|---|---|
r-devel-linux-x86_64-debian-clang | 0.2.3 | 10.23 | 298.18 | 308.41 | OK | |
r-devel-linux-x86_64-debian-gcc | 0.2.3 | 6.60 | 200.87 | 207.47 | NOTE | |
r-devel-linux-x86_64-fedora-clang | 0.2.3 | 493.44 | OK | |||
r-devel-linux-x86_64-fedora-gcc | 0.2.3 | 541.36 | OK | |||
r-devel-windows-x86_64 | 0.2.3 | 10.00 | 379.00 | 389.00 | OK | |
r-patched-linux-x86_64 | 0.2.3 | 8.63 | 292.60 | 301.23 | OK | |
r-release-linux-x86_64 | 0.2.3 | 7.93 | 295.31 | 303.24 | OK | |
r-release-macos-arm64 | 0.2.3 | 212.00 | OK | |||
r-release-macos-x86_64 | 0.2.3 | 346.00 | OK | |||
r-release-windows-x86_64 | 0.2.3 | 11.00 | 393.00 | 404.00 | OK | |
r-oldrel-macos-arm64 | 0.2.3 | 196.00 | OK | |||
r-oldrel-macos-x86_64 | 0.2.3 | 271.00 | OK | |||
r-oldrel-windows-x86_64 | 0.2.3 | 12.00 | 511.00 | 523.00 | OK |
Version: 0.2.3
Check: examples
Result: NOTE
Examples with CPU (user + system) or elapsed time > 5s
user system elapsed
run.spcc 0.189 0.053 5.048
Flavor: r-devel-linux-x86_64-debian-gcc