CRAN Package Check Results for Package calmate

Last updated on 2025-04-30 04:50:01 CEST.

Flavor Version Tinstall Tcheck Ttotal Status Flags
r-devel-linux-x86_64-debian-clang 0.13.0 5.61 57.39 63.00 NOTE
r-devel-linux-x86_64-debian-gcc 0.13.0 4.06 40.65 44.71 NOTE
r-devel-linux-x86_64-fedora-clang 0.13.0 104.44 OK
r-devel-linux-x86_64-fedora-gcc 0.13.0 91.43 OK
r-devel-windows-x86_64 0.13.0 7.00 80.00 87.00 OK
r-patched-linux-x86_64 0.13.0 5.61 54.15 59.76 OK
r-release-linux-x86_64 0.13.0 4.87 54.52 59.39 OK
r-release-macos-arm64 0.13.0 33.00 OK
r-release-macos-x86_64 0.13.0 62.00 OK
r-release-windows-x86_64 0.13.0 7.00 76.00 83.00 OK
r-oldrel-macos-arm64 0.13.0 29.00 OK
r-oldrel-macos-x86_64 0.13.0 53.00 OK
r-oldrel-windows-x86_64 0.13.0 9.00 91.00 100.00 OK

Check Details

Version: 0.13.0
Check: CRAN incoming feasibility
Result: NOTE Maintainer: ‘Henrik Bengtsson <henrikb@braju.com>’ Package CITATION file contains call(s) to old-style citEntry(). Please use bibentry() instead. Flavors: r-devel-linux-x86_64-debian-clang, r-devel-linux-x86_64-debian-gcc