Last updated on 2025-04-30 04:50:01 CEST.
Flavor | Version | Tinstall | Tcheck | Ttotal | Status | Flags |
---|---|---|---|---|---|---|
r-devel-linux-x86_64-debian-clang | 0.3.1 | 4.79 | 48.00 | 52.79 | NOTE | |
r-devel-linux-x86_64-debian-gcc | 0.3.1 | 3.20 | 33.50 | 36.70 | NOTE | |
r-devel-linux-x86_64-fedora-clang | 0.3.1 | 75.20 | OK | |||
r-devel-linux-x86_64-fedora-gcc | 0.3.1 | 69.42 | OK | |||
r-devel-windows-x86_64 | 0.3.1 | 6.00 | 72.00 | 78.00 | OK | |
r-patched-linux-x86_64 | 0.3.1 | 4.77 | 43.68 | 48.45 | OK | |
r-release-linux-x86_64 | 0.3.1 | 3.85 | 43.47 | 47.32 | OK | |
r-release-macos-arm64 | 0.3.1 | 50.00 | OK | |||
r-release-macos-x86_64 | 0.3.1 | 53.00 | OK | |||
r-release-windows-x86_64 | 0.3.1 | 6.00 | 70.00 | 76.00 | OK | |
r-oldrel-macos-arm64 | 0.3.1 | 34.00 | OK | |||
r-oldrel-macos-x86_64 | 0.3.1 | 58.00 | OK | |||
r-oldrel-windows-x86_64 | 0.3.1 | 7.00 | 77.00 | 84.00 | OK |
Version: 0.3.1
Check: DESCRIPTION meta-information
Result: NOTE
Author field differs from that derived from Authors@R
Author: ‘Peter Desmet [aut, cre] (<https://orcid.org/0000-0002-8442-8025>, Research Institute for Nature and Forest (INBO)), Sanne Govaert [aut] (<https://orcid.org/0000-0002-8939-1305>, Research Institute for Nature and Forest (INBO)), Pieter Huybrechts [aut] (<https://orcid.org/0000-0002-6658-6062>, Research Institute for Nature and Forest (INBO)), Damiano Oldoni [aut] (<https://orcid.org/0000-0003-3445-7562>, Research Institute for Nature and Forest (INBO)), Research Institute for Nature and Forest (INBO) [cph] (https://www.vlaanderen.be/inbo/en-gb/), LifeWatch Belgium [fnd] (https://lifewatch.be)’
Authors@R: ‘Peter Desmet [aut, cre] (ORCID: <https://orcid.org/0000-0002-8442-8025>, affiliation: Research Institute for Nature and Forest (INBO)), Sanne Govaert [aut] (ORCID: <https://orcid.org/0000-0002-8939-1305>, affiliation: Research Institute for Nature and Forest (INBO)), Pieter Huybrechts [aut] (ORCID: <https://orcid.org/0000-0002-6658-6062>, affiliation: Research Institute for Nature and Forest (INBO)), Damiano Oldoni [aut] (ORCID: <https://orcid.org/0000-0003-3445-7562>, affiliation: Research Institute for Nature and Forest (INBO)), Research Institute for Nature and Forest (INBO) [cph] (https://www.vlaanderen.be/inbo/en-gb/), LifeWatch Belgium [fnd] (https://lifewatch.be)’
Flavors: r-devel-linux-x86_64-debian-clang, r-devel-linux-x86_64-debian-gcc
Version: 0.3.1
Check: examples
Result: NOTE
Examples with CPU (user + system) or elapsed time > 5s
user system elapsed
check_camtrapdp 1.893 0.105 8.133
read_camtrapdp 1.297 0.097 5.148
Flavor: r-devel-linux-x86_64-debian-clang
Version: 0.3.1
Check: examples
Result: NOTE
Examples with CPU (user + system) or elapsed time > 5s
user system elapsed
check_camtrapdp 0.961 0.111 10.07
Flavor: r-devel-linux-x86_64-debian-gcc