Last updated on 2025-04-30 04:50:01 CEST.
Flavor | Version | Tinstall | Tcheck | Ttotal | Status | Flags |
---|---|---|---|---|---|---|
r-devel-linux-x86_64-debian-clang | 1.0.1 | 10.26 | 92.87 | 103.13 | NOTE | |
r-devel-linux-x86_64-debian-gcc | 1.0.1 | 6.77 | 62.18 | 68.95 | NOTE | |
r-devel-linux-x86_64-fedora-clang | 1.0.1 | 170.84 | OK | |||
r-devel-linux-x86_64-fedora-gcc | 1.0.1 | 141.96 | OK | |||
r-devel-windows-x86_64 | 1.0.1 | 11.00 | 99.00 | 110.00 | OK | |
r-patched-linux-x86_64 | 1.0.1 | 10.69 | 86.11 | 96.80 | OK | |
r-release-linux-x86_64 | 1.0.1 | 10.22 | 87.59 | 97.81 | OK | |
r-release-macos-arm64 | 1.0.1 | 44.00 | OK | |||
r-release-macos-x86_64 | 1.0.1 | 86.00 | OK | |||
r-release-windows-x86_64 | 1.0.1 | 12.00 | 98.00 | 110.00 | OK | |
r-oldrel-macos-arm64 | 1.0.1 | 43.00 | OK | |||
r-oldrel-macos-x86_64 | 1.0.1 | 68.00 | OK | |||
r-oldrel-windows-x86_64 | 1.0.1 | 15.00 | 125.00 | 140.00 | OK |
Version: 1.0.1
Check: CRAN incoming feasibility
Result: NOTE
Maintainer: ‘Audrey Q. Fu <audreyqyfu@gmail.com>’
No Authors@R field in DESCRIPTION.
Please add one, modifying
Authors@R: c(person(given = c("Audrey", "Qiuyan"),
family = "Fu",
role = "aut"),
person(given = "Xiaoyue",
family = "Wang",
role = "aut"),
person(given = c("Audrey", "Q."),
family = "Fu",
role = "cre",
email = "audreyqyfu@gmail.com"))
as necessary.
Flavors: r-devel-linux-x86_64-debian-clang, r-devel-linux-x86_64-debian-gcc
Version: 1.0.1
Check: examples
Result: NOTE
Examples with CPU (user + system) or elapsed time > 5s
user system elapsed
testMutationalPatternAll.wrapper 5.579 0.060 7.299
computeSmallWorldness 4.977 0.136 7.037
Flavor: r-devel-linux-x86_64-debian-clang