Last updated on 2025-04-30 04:50:01 CEST.
Flavor | Version | Tinstall | Tcheck | Ttotal | Status | Flags |
---|---|---|---|---|---|---|
r-devel-linux-x86_64-debian-clang | 1.0.3 | 5.68 | 88.37 | 94.05 | NOTE | |
r-devel-linux-x86_64-debian-gcc | 1.0.3 | 4.31 | 62.28 | 66.59 | NOTE | |
r-devel-linux-x86_64-fedora-clang | 1.0.3 | 153.65 | NOTE | |||
r-devel-linux-x86_64-fedora-gcc | 1.0.3 | 156.93 | NOTE | |||
r-devel-windows-x86_64 | 1.0.3 | 7.00 | 134.00 | 141.00 | NOTE | |
r-patched-linux-x86_64 | 1.0.3 | 7.29 | 82.02 | 89.31 | NOTE | |
r-release-linux-x86_64 | 1.0.3 | 6.54 | 82.57 | 89.11 | NOTE | |
r-release-macos-arm64 | 1.0.3 | 59.00 | NOTE | |||
r-release-macos-x86_64 | 1.0.3 | 115.00 | NOTE | |||
r-release-windows-x86_64 | 1.0.3 | 7.00 | 135.00 | 142.00 | NOTE | |
r-oldrel-macos-arm64 | 1.0.3 | 53.00 | NOTE | |||
r-oldrel-macos-x86_64 | 1.0.3 | 78.00 | NOTE | |||
r-oldrel-windows-x86_64 | 1.0.3 | 9.00 | 145.00 | 154.00 | NOTE |
Version: 1.0.3
Check: Rd files
Result: NOTE
checkRd: (-1) macrocaic.Rd:31: Lost braces; missing escapes or markup?
31 | {RRD = ln(N_1/N_2)}
| ^
checkRd: (-1) macrocaic.Rd:34: Lost braces; missing escapes or markup?
34 | {PDI = (N_1/(N_1 + N_2))-0.5}
| ^
checkRd: (-1) pd.calc.Rd:33: Lost braces
33 | \item{Length of tip branch lengths (TIPS)}{Length of tip branch lengths (TIPS)}{Unlike UEH, this measure does not use the unique paths to each tips on the \strong{subtree} and instead gives the sum of the unique branches leading to the tips on the \strong{complete tree}.}
| ^
Flavors: r-devel-linux-x86_64-debian-clang, r-devel-linux-x86_64-debian-gcc, r-devel-linux-x86_64-fedora-clang, r-devel-linux-x86_64-fedora-gcc, r-devel-windows-x86_64, r-patched-linux-x86_64, r-release-linux-x86_64, r-release-macos-arm64, r-release-macos-x86_64, r-release-windows-x86_64, r-oldrel-macos-arm64, r-oldrel-macos-x86_64, r-oldrel-windows-x86_64
Version: 1.0.3
Check: Rd cross-references
Result: NOTE
Found the following Rd file(s) with Rd \link{} targets missing package
anchors:
comparative.data.Rd: reorder.phylo
Please provide package anchors for all Rd \link{} targets not in the
package itself and the base packages.
Flavors: r-devel-linux-x86_64-debian-clang, r-devel-linux-x86_64-debian-gcc, r-devel-windows-x86_64, r-patched-linux-x86_64, r-release-linux-x86_64, r-release-windows-x86_64
Version: 1.0.3
Check: examples
Result: NOTE
Examples with CPU (user + system) or elapsed time > 5s
user system elapsed
pgls 4.282 0.017 5.425
Flavor: r-devel-linux-x86_64-debian-clang