Last updated on 2025-04-30 04:50:01 CEST.
Flavor | Version | Tinstall | Tcheck | Ttotal | Status | Flags |
---|---|---|---|---|---|---|
r-devel-linux-x86_64-debian-clang | 3.1-3 | 20.49 | 136.75 | 157.24 | NOTE | |
r-devel-linux-x86_64-debian-gcc | 3.1-3 | 13.62 | 88.71 | 102.33 | NOTE | |
r-devel-linux-x86_64-fedora-clang | 3.1-3 | 277.78 | OK | |||
r-devel-linux-x86_64-fedora-gcc | 3.1-3 | 267.45 | OK | |||
r-devel-windows-x86_64 | 3.1-3 | 21.00 | 166.00 | 187.00 | OK | |
r-patched-linux-x86_64 | 3.1-3 | 21.40 | 130.67 | 152.07 | OK | |
r-release-linux-x86_64 | 3.1-3 | 18.47 | 129.15 | 147.62 | OK | |
r-release-macos-arm64 | 3.1-3 | 65.00 | OK | |||
r-release-macos-x86_64 | 3.1-3 | 134.00 | OK | |||
r-release-windows-x86_64 | 3.1-3 | 20.00 | 170.00 | 190.00 | OK | |
r-oldrel-macos-arm64 | 3.1-3 | 52.00 | OK | |||
r-oldrel-macos-x86_64 | 3.1-3 | 109.00 | OK | |||
r-oldrel-windows-x86_64 | 3.1-3 | 27.00 | 208.00 | 235.00 | OK |
Version: 3.1-3
Check: examples
Result: NOTE
Examples with CPU (user + system) or elapsed time > 5s
user system elapsed
influence-mixed-models 7.113 0.070 10.435
ScatterplotSmoothers 4.080 0.139 6.362
Flavor: r-devel-linux-x86_64-debian-clang
Version: 3.1-3
Check: examples
Result: NOTE
Examples with CPU (user + system) or elapsed time > 5s
user system elapsed
influence-mixed-models 4.764 0.159 7.688
Flavor: r-devel-linux-x86_64-debian-gcc