Last updated on 2025-02-22 05:51:31 CET.
Flavor | Version | Tinstall | Tcheck | Ttotal | Status | Flags |
---|---|---|---|---|---|---|
r-devel-linux-x86_64-debian-clang | 3.0-5 | 3.08 | 20.84 | 23.92 | NOTE | |
r-devel-linux-x86_64-debian-gcc | 3.0-5 | 2.42 | 15.94 | 18.36 | NOTE | |
r-devel-linux-x86_64-fedora-clang | 3.0-5 | 37.92 | NOTE | |||
r-devel-linux-x86_64-fedora-gcc | 3.0-5 | 36.87 | NOTE | |||
r-devel-macos-arm64 | 3.0-5 | 17.00 | NOTE | |||
r-devel-macos-x86_64 | 3.0-5 | 25.00 | NOTE | |||
r-devel-windows-x86_64 | 3.0-5 | 5.00 | 55.00 | 60.00 | NOTE | |
r-patched-linux-x86_64 | 3.0-5 | 4.27 | 20.26 | 24.53 | NOTE | |
r-release-linux-x86_64 | 3.0-5 | 2.59 | 20.14 | 22.73 | NOTE | |
r-release-macos-arm64 | 3.0-5 | 21.00 | NOTE | |||
r-release-macos-x86_64 | 3.0-5 | 27.00 | NOTE | |||
r-release-windows-x86_64 | 3.0-5 | 4.00 | 61.00 | 65.00 | NOTE | |
r-oldrel-macos-arm64 | 3.0-5 | 18.00 | NOTE | |||
r-oldrel-macos-x86_64 | 3.0-5 | 23.00 | NOTE | |||
r-oldrel-windows-x86_64 | 3.0-5 | 6.00 | 59.00 | 65.00 | NOTE |
Version: 3.0-5
Check: Rd files
Result: NOTE
checkRd: (-1) States.Rd:48: Escaped LaTeX specials: \$
Flavors: r-devel-linux-x86_64-debian-clang, r-devel-linux-x86_64-debian-gcc, r-devel-linux-x86_64-fedora-clang, r-devel-linux-x86_64-fedora-gcc, r-devel-macos-arm64, r-devel-macos-x86_64, r-devel-windows-x86_64, r-patched-linux-x86_64, r-release-linux-x86_64, r-release-macos-arm64, r-release-macos-x86_64, r-release-windows-x86_64, r-oldrel-macos-arm64, r-oldrel-macos-x86_64, r-oldrel-windows-x86_64