Last updated on 2025-07-05 04:50:11 CEST.
Flavor | Version | Tinstall | Tcheck | Ttotal | Status | Flags |
---|---|---|---|---|---|---|
r-devel-linux-x86_64-debian-clang | 3.0-5 | 2.63 | 22.74 | 25.37 | NOTE | |
r-devel-linux-x86_64-debian-gcc | 3.0-5 | 2.03 | 17.75 | 19.78 | NOTE | |
r-devel-linux-x86_64-fedora-clang | 3.0-5 | 39.53 | NOTE | |||
r-devel-linux-x86_64-fedora-gcc | 3.0-5 | 37.31 | NOTE | |||
r-devel-windows-x86_64 | 3.0-5 | 4.00 | 51.00 | 55.00 | NOTE | |
r-patched-linux-x86_64 | 3.0-5 | 4.51 | 20.88 | 25.39 | NOTE | |
r-release-linux-x86_64 | 3.0-5 | 2.56 | 20.58 | 23.14 | NOTE | |
r-release-macos-arm64 | 3.0-5 | 18.00 | NOTE | |||
r-release-macos-x86_64 | 3.0-5 | 25.00 | NOTE | |||
r-release-windows-x86_64 | 3.0-5 | 4.00 | 56.00 | 60.00 | NOTE | |
r-oldrel-macos-arm64 | 3.0-5 | 21.00 | NOTE | |||
r-oldrel-macos-x86_64 | 3.0-5 | 27.00 | NOTE | |||
r-oldrel-windows-x86_64 | 3.0-5 | 6.00 | 60.00 | 66.00 | NOTE |
Version: 3.0-5
Check: Rd files
Result: NOTE
checkRd: (-1) States.Rd:48: Escaped LaTeX specials: \$
Flavors: r-devel-linux-x86_64-debian-clang, r-devel-linux-x86_64-debian-gcc, r-devel-linux-x86_64-fedora-clang, r-devel-linux-x86_64-fedora-gcc, r-devel-windows-x86_64, r-patched-linux-x86_64, r-release-linux-x86_64, r-release-macos-arm64, r-release-macos-x86_64, r-release-windows-x86_64, r-oldrel-macos-arm64, r-oldrel-macos-x86_64, r-oldrel-windows-x86_64