Last updated on 2025-04-30 04:50:01 CEST.
Flavor | Version | Tinstall | Tcheck | Ttotal | Status | Flags |
---|---|---|---|---|---|---|
r-devel-linux-x86_64-debian-clang | 1.0.0 | 26.13 | 68.96 | 95.09 | NOTE | |
r-devel-linux-x86_64-debian-gcc | 1.0.0 | 16.89 | 51.29 | 68.18 | NOTE | |
r-devel-linux-x86_64-fedora-clang | 1.0.0 | 160.97 | OK | |||
r-devel-linux-x86_64-fedora-gcc | 1.0.0 | 151.71 | OK | |||
r-devel-windows-x86_64 | 1.0.0 | 32.00 | 102.00 | 134.00 | OK | |
r-patched-linux-x86_64 | 1.0.0 | 23.46 | 65.86 | 89.32 | OK | |
r-release-linux-x86_64 | 1.0.0 | 21.57 | 66.60 | 88.17 | OK | |
r-release-macos-arm64 | 1.0.0 | 51.00 | OK | |||
r-release-macos-x86_64 | 1.0.0 | 83.00 | OK | |||
r-release-windows-x86_64 | 1.0.0 | 30.00 | 101.00 | 131.00 | OK | |
r-oldrel-macos-arm64 | 1.0.0 | 49.00 | OK | |||
r-oldrel-macos-x86_64 | 1.0.0 | 62.00 | OK | |||
r-oldrel-windows-x86_64 | 1.0.0 | 36.00 | 117.00 | 153.00 | OK |
Version: 1.0.0
Check: CRAN incoming feasibility
Result: NOTE
Maintainer: ‘Thomas Welchowski <welchow@imbie.meb.uni-bonn.de>’
No Authors@R field in DESCRIPTION.
Please add one, modifying
Authors@R: person(given = "Thomas",
family = "Welchowski",
role = c("aut", "cre"),
email = "welchow@imbie.meb.uni-bonn.de")
as necessary.
The Description field contains
<arXiv:1802.08178>.
Please refer to arXiv e-prints via their arXiv DOI <doi:10.48550/arXiv.YYMM.NNNNN>.
Flavors: r-devel-linux-x86_64-debian-clang, r-devel-linux-x86_64-debian-gcc