Last updated on 2025-04-30 04:50:01 CEST.
Flavor | Version | Tinstall | Tcheck | Ttotal | Status | Flags |
---|---|---|---|---|---|---|
r-devel-linux-x86_64-debian-clang | 2.2.1 | 67.42 | 73.72 | 141.14 | OK | |
r-devel-linux-x86_64-debian-gcc | 2.2.1 | 50.32 | 49.85 | 100.17 | OK | |
r-devel-linux-x86_64-fedora-clang | 2.2.1 | 223.42 | OK | |||
r-devel-linux-x86_64-fedora-gcc | 2.2.1 | 238.77 | OK | |||
r-devel-windows-x86_64 | 2.2.1 | 70.00 | 107.00 | 177.00 | OK | |
r-patched-linux-x86_64 | 2.2.1 | 69.20 | 68.13 | 137.33 | OK | |
r-release-linux-x86_64 | 2.2.1 | 70.41 | 69.35 | 139.76 | OK | |
r-release-macos-arm64 | 2.2.1 | 68.00 | OK | |||
r-release-macos-x86_64 | 2.2.1 | 116.00 | OK | |||
r-release-windows-x86_64 | 2.2.1 | 71.00 | 106.00 | 177.00 | OK | |
r-oldrel-macos-arm64 | 2.2.1 | 58.00 | NOTE | |||
r-oldrel-macos-x86_64 | 2.2.1 | 88.00 | NOTE | |||
r-oldrel-windows-x86_64 | 2.2.1 | 81.00 | 139.00 | 220.00 | OK |
Version: 2.2.1
Check: installed package size
Result: NOTE
installed size is 10.6Mb
sub-directories of 1Mb or more:
libs 10.2Mb
Flavors: r-oldrel-macos-arm64, r-oldrel-macos-x86_64