Last updated on 2025-04-30 04:50:01 CEST.
Flavor | Version | Tinstall | Tcheck | Ttotal | Status | Flags |
---|---|---|---|---|---|---|
r-devel-linux-x86_64-debian-clang | 1.7 | 9.03 | 77.92 | 86.95 | NOTE | |
r-devel-linux-x86_64-debian-gcc | 1.7 | 6.26 | 53.53 | 59.79 | NOTE | |
r-devel-linux-x86_64-fedora-clang | 1.7 | 136.80 | OK | |||
r-devel-linux-x86_64-fedora-gcc | 1.7 | 127.81 | OK | |||
r-devel-windows-x86_64 | 1.7 | 9.00 | 87.00 | 96.00 | NOTE | |
r-patched-linux-x86_64 | 1.7 | 9.22 | 72.32 | 81.54 | NOTE | |
r-release-linux-x86_64 | 1.7 | 9.05 | 73.45 | 82.50 | NOTE | |
r-release-macos-arm64 | 1.7 | 46.00 | OK | |||
r-release-macos-x86_64 | 1.7 | 106.00 | OK | |||
r-release-windows-x86_64 | 1.7 | 10.00 | 90.00 | 100.00 | NOTE | |
r-oldrel-macos-arm64 | 1.7 | 39.00 | OK | |||
r-oldrel-macos-x86_64 | 1.7 | 59.00 | OK | |||
r-oldrel-windows-x86_64 | 1.7 | 13.00 | 108.00 | 121.00 | OK |
Version: 1.7
Check: CRAN incoming feasibility
Result: NOTE
Maintainer: ‘Fraenzi Korner-Nievergelt <fraenzi.korner@oikostat.ch>’
No Authors@R field in DESCRIPTION.
Please add one, modifying
Authors@R: c(person(given = "Fraenzi",
family = "Korner-Nievergelt",
role = c("aut", "cre"),
email = "fraenzi.korner@oikostat.ch"),
person(given = "Ivo",
family = "Niermann",
role = "aut"),
person(given = "Oliver",
family = "Behr",
role = "aut"),
person(given = c("Matthew", "A."),
family = "Etterson",
role = "aut"),
person(given = "Robert",
family = "Brinkmann",
role = "aut"),
person(given = "Pius",
family = "Korner",
role = "aut"),
person(given = "Barbara",
family = "Hellriegel",
role = "aut"),
person(given = "Tobias",
family = "Roth",
role = "aut"),
person(given = c("Manuela", "M.", "P."),
family = "Huso",
role = "aut"),
person(given = "Dan",
family = "Dalthorp",
role = "aut"))
as necessary.
Flavors: r-devel-linux-x86_64-debian-clang, r-devel-linux-x86_64-debian-gcc
Version: 1.7
Check: Rd cross-references
Result: NOTE
Found the following Rd file(s) with Rd \link{} targets missing package
anchors:
persistence.prob.Rd: coxph, survreg
Please provide package anchors for all Rd \link{} targets not in the
package itself and the base packages.
Flavors: r-devel-linux-x86_64-debian-clang, r-devel-linux-x86_64-debian-gcc, r-devel-windows-x86_64, r-patched-linux-x86_64, r-release-linux-x86_64, r-release-windows-x86_64