Last updated on 2025-04-30 04:50:01 CEST.
Flavor | Version | Tinstall | Tcheck | Ttotal | Status | Flags |
---|---|---|---|---|---|---|
r-devel-linux-x86_64-debian-clang | 0.1.1 | 10.12 | 103.40 | 113.52 | NOTE | |
r-devel-linux-x86_64-debian-gcc | 0.1.1 | 6.23 | 71.40 | 77.63 | NOTE | |
r-devel-linux-x86_64-fedora-clang | 0.1.1 | 165.90 | NOTE | |||
r-devel-linux-x86_64-fedora-gcc | 0.1.1 | 171.32 | NOTE | |||
r-devel-windows-x86_64 | 0.1.1 | 11.00 | 106.00 | 117.00 | NOTE | |
r-patched-linux-x86_64 | 0.1.1 | 9.62 | 95.67 | 105.29 | NOTE | |
r-release-linux-x86_64 | 0.1.1 | 8.61 | 94.34 | 102.95 | NOTE | |
r-release-macos-arm64 | 0.1.1 | 60.00 | NOTE | |||
r-release-macos-x86_64 | 0.1.1 | 132.00 | OK | |||
r-release-windows-x86_64 | 0.1.1 | 11.00 | 106.00 | 117.00 | NOTE | |
r-oldrel-macos-arm64 | 0.1.1 | 60.00 | OK | |||
r-oldrel-macos-x86_64 | 0.1.1 | 100.00 | OK | |||
r-oldrel-windows-x86_64 | 0.1.1 | 14.00 | 142.00 | 156.00 | OK |
Version: 0.1.1
Check: DESCRIPTION meta-information
Result: NOTE
Missing dependency on R >= 4.2.0 because package code uses the pipe
placeholder syntax added in R 4.2.0.
File(s) using such syntax:
‘cosinor-constructor.R’
Flavors: r-devel-linux-x86_64-debian-clang, r-devel-linux-x86_64-debian-gcc, r-devel-linux-x86_64-fedora-clang, r-devel-linux-x86_64-fedora-gcc, r-devel-windows-x86_64, r-patched-linux-x86_64, r-release-linux-x86_64, r-release-macos-arm64, r-release-windows-x86_64
Version: 0.1.1
Check: examples
Result: NOTE
Examples with CPU (user + system) or elapsed time > 5s
user system elapsed
ggcosinor 6.238 0.246 8.953
cosinor_features 5.015 0.125 6.447
Flavor: r-devel-linux-x86_64-debian-clang
Version: 0.1.1
Check: examples
Result: NOTE
Examples with CPU (user + system) or elapsed time > 5s
user system elapsed
ggcosinor 4.6 0.23 5.827
Flavor: r-devel-linux-x86_64-debian-gcc