CRAN Package Check Results for Package caret

Last updated on 2025-04-30 04:50:01 CEST.

Flavor Version Tinstall Tcheck Ttotal Status Flags
r-devel-linux-x86_64-debian-clang 7.0-1 36.58 373.55 410.13 OK
r-devel-linux-x86_64-debian-gcc 7.0-1 23.98 237.30 261.28 OK
r-devel-linux-x86_64-fedora-clang 7.0-1 700.77 OK
r-devel-linux-x86_64-fedora-gcc 7.0-1 616.41 OK
r-devel-windows-x86_64 7.0-1 36.00 340.00 376.00 OK --no-vignettes
r-patched-linux-x86_64 7.0-1 38.85 353.35 392.20 OK
r-release-linux-x86_64 7.0-1 37.37 354.56 391.93 OK
r-release-macos-arm64 7.0-1 152.00 OK
r-release-macos-x86_64 7.0-1 317.00 ERROR
r-release-windows-x86_64 7.0-1 37.00 340.00 377.00 OK --no-vignettes
r-oldrel-macos-arm64 7.0-1 145.00 OK
r-oldrel-macos-x86_64 7.0-1 418.00 OK
r-oldrel-windows-x86_64 7.0-1 51.00 401.00 452.00 OK --no-vignettes

Check Details

Version: 7.0-1
Check: re-building of vignette outputs
Result: ERROR Error(s) in re-building vignettes: --- re-building ‘caret.Rmd’ using rmarkdown Quitting from lines 11-41 [loadLibs] (caret.Rmd) Error: processing vignette 'caret.Rmd' failed with diagnostics: there is no package called 'klaR' --- failed re-building ‘caret.Rmd’ SUMMARY: processing the following file failed: ‘caret.Rmd’ Error: Vignette re-building failed. Execution halted Flavor: r-release-macos-x86_64