CRAN Package Check Results for Package carfima

Last updated on 2025-04-30 04:50:01 CEST.

Flavor Version Tinstall Tcheck Ttotal Status Flags
r-devel-linux-x86_64-debian-clang 2.0.2 2.76 24.67 27.43 NOTE
r-devel-linux-x86_64-debian-gcc 2.0.2 1.84 19.49 21.33 NOTE
r-devel-linux-x86_64-fedora-clang 2.0.2 43.19 OK
r-devel-linux-x86_64-fedora-gcc 2.0.2 41.09 OK
r-devel-windows-x86_64 2.0.2 4.00 48.00 52.00 OK
r-patched-linux-x86_64 2.0.2 3.04 23.88 26.92 OK
r-release-linux-x86_64 2.0.2 2.44 23.81 26.25 OK
r-release-macos-arm64 2.0.2 19.00 OK
r-release-macos-x86_64 2.0.2 28.00 OK
r-release-windows-x86_64 2.0.2 3.00 52.00 55.00 OK
r-oldrel-macos-arm64 2.0.2 22.00 OK
r-oldrel-macos-x86_64 2.0.2 25.00 OK
r-oldrel-windows-x86_64 2.0.2 4.00 48.00 52.00 OK

Check Details

Version: 2.0.2
Check: CRAN incoming feasibility
Result: NOTE Maintainer: ‘Hyungsuk Tak <hyungsuk.tak@gmail.com>’ No Authors@R field in DESCRIPTION. Please add one, modifying Authors@R: c(person(given = "Hyungsuk", family = "Tak", role = c("aut", "cre"), email = "hyungsuk.tak@gmail.com"), person(given = "Henghsiu", family = "Tsai", role = "aut"), person(given = "Kisung", family = "You", role = "aut")) as necessary. Flavors: r-devel-linux-x86_64-debian-clang, r-devel-linux-x86_64-debian-gcc