Last updated on 2025-04-30 04:50:01 CEST.
Flavor | Version | Tinstall | Tcheck | Ttotal | Status | Flags |
---|---|---|---|---|---|---|
r-devel-linux-x86_64-debian-clang | 3.1.4 | 15.42 | 144.50 | 159.92 | NOTE | |
r-devel-linux-x86_64-debian-gcc | 3.1.4 | 11.13 | 99.58 | 110.71 | NOTE | |
r-devel-linux-x86_64-fedora-clang | 3.1.4 | 255.45 | OK | |||
r-devel-linux-x86_64-fedora-gcc | 3.1.4 | 255.79 | OK | |||
r-devel-windows-x86_64 | 3.1.4 | 21.00 | 180.00 | 201.00 | NOTE | |
r-patched-linux-x86_64 | 3.1.4 | 15.47 | 137.22 | 152.69 | NOTE | |
r-release-linux-x86_64 | 3.1.4 | 15.75 | 137.56 | 153.31 | NOTE | |
r-release-macos-arm64 | 3.1.4 | 112.00 | OK | |||
r-release-macos-x86_64 | 3.1.4 | 162.00 | OK | |||
r-release-windows-x86_64 | 3.1.4 | 24.00 | 188.00 | 212.00 | NOTE | |
r-oldrel-macos-arm64 | 3.1.4 | 71.00 | OK | |||
r-oldrel-macos-x86_64 | 3.1.4 | 112.00 | OK | |||
r-oldrel-windows-x86_64 | 3.1.4 | 24.00 | 247.00 | 271.00 | OK |
Version: 3.1.4
Check: Rd cross-references
Result: NOTE
Found the following Rd file(s) with Rd \link{} targets missing package
anchors:
dotDensityLayer.Rd: st_sample
Please provide package anchors for all Rd \link{} targets not in the
package itself and the base packages.
Flavors: r-devel-linux-x86_64-debian-clang, r-devel-linux-x86_64-debian-gcc, r-devel-windows-x86_64, r-patched-linux-x86_64, r-release-linux-x86_64, r-release-windows-x86_64
Version: 3.1.4
Check: examples
Result: NOTE
Examples with CPU (user + system) or elapsed time > 5s
user system elapsed
getPngLayer 9.643 0.19 15.42
Flavor: r-devel-linux-x86_64-debian-clang
Version: 3.1.4
Check: examples
Result: NOTE
Examples with CPU (user + system) or elapsed time > 5s
user system elapsed
getPngLayer 5.892 0.132 7.692
Flavor: r-devel-linux-x86_64-debian-gcc