Last updated on 2025-04-30 04:50:01 CEST.
Flavor | Version | Tinstall | Tcheck | Ttotal | Status | Flags |
---|---|---|---|---|---|---|
r-devel-linux-x86_64-debian-clang | 0.4 | 17.52 | 135.02 | 152.54 | NOTE | |
r-devel-linux-x86_64-debian-gcc | 0.4 | 11.85 | 97.49 | 109.34 | NOTE | |
r-devel-linux-x86_64-fedora-clang | 0.4 | 240.79 | OK | |||
r-devel-linux-x86_64-fedora-gcc | 0.4 | 239.76 | OK | |||
r-devel-windows-x86_64 | 0.4 | 19.00 | 170.00 | 189.00 | OK | |
r-patched-linux-x86_64 | 0.4 | 19.51 | 131.78 | 151.29 | OK | |
r-release-linux-x86_64 | 0.4 | 16.29 | 129.44 | 145.73 | OK | |
r-release-macos-arm64 | 0.4 | 80.00 | OK | |||
r-release-macos-x86_64 | 0.4 | 190.00 | OK | |||
r-release-windows-x86_64 | 0.4 | 19.00 | 170.00 | 189.00 | OK | |
r-oldrel-macos-arm64 | 0.4 | 72.00 | OK | |||
r-oldrel-macos-x86_64 | 0.4 | 103.00 | OK | |||
r-oldrel-windows-x86_64 | 0.4 | 23.00 | 221.00 | 244.00 | OK |
Version: 0.4
Check: examples
Result: NOTE
Examples with CPU (user + system) or elapsed time > 5s
user system elapsed
claimFitting-methods 5.62 0.208 7.327
Flavor: r-devel-linux-x86_64-debian-clang
Version: 0.4
Check: examples
Result: NOTE
Examples with CPU (user + system) or elapsed time > 5s
user system elapsed
claimFitting-methods 4.763 0.179 6.199
Flavor: r-devel-linux-x86_64-debian-gcc