Last updated on 2025-04-30 04:50:01 CEST.
Flavor | Version | Tinstall | Tcheck | Ttotal | Status | Flags |
---|---|---|---|---|---|---|
r-devel-linux-x86_64-debian-clang | 2.0.2 | 4.03 | 156.34 | 160.37 | NOTE | |
r-devel-linux-x86_64-debian-gcc | 2.0.2 | 3.31 | 101.71 | 105.02 | NOTE | |
r-devel-linux-x86_64-fedora-clang | 2.0.2 | 255.56 | OK | |||
r-devel-linux-x86_64-fedora-gcc | 2.0.2 | 253.64 | OK | |||
r-devel-windows-x86_64 | 2.0.2 | 7.00 | 159.00 | 166.00 | OK | |
r-patched-linux-x86_64 | 2.0.2 | 4.21 | 147.60 | 151.81 | OK | |
r-release-linux-x86_64 | 2.0.2 | 2.90 | 147.19 | 150.09 | OK | |
r-release-macos-arm64 | 2.0.2 | 91.00 | OK | |||
r-release-macos-x86_64 | 2.0.2 | 165.00 | OK | |||
r-release-windows-x86_64 | 2.0.2 | 7.00 | 156.00 | 163.00 | OK | |
r-oldrel-macos-arm64 | 2.0.2 | 74.00 | OK | |||
r-oldrel-macos-x86_64 | 2.0.2 | 122.00 | OK | |||
r-oldrel-windows-x86_64 | 2.0.2 | 8.00 | 203.00 | 211.00 | OK |
Version: 2.0.2
Check: examples
Result: NOTE
Examples with CPU (user + system) or elapsed time > 5s
user system elapsed
sc_skinny 7.111 0.020 8.038
sc_convex 6.902 0.008 7.858
sc_striated2 6.732 0.076 7.510
calc_scags 6.213 0.344 6.932
top_scags 5.757 0.167 6.359
top_pairs 5.714 0.195 5.924
sc_clumpy_r 5.792 0.078 6.526
sc_clumpy 4.975 0.104 5.495
Flavor: r-devel-linux-x86_64-debian-clang
Version: 2.0.2
Check: examples
Result: NOTE
Examples with CPU (user + system) or elapsed time > 5s
user system elapsed
sc_striated2 4.248 0.023 5.672
calc_scags 3.832 0.228 5.631
sc_skinny 3.723 0.035 5.561
Flavor: r-devel-linux-x86_64-debian-gcc