Last updated on 2025-11-04 03:50:45 CET.
| Flavor | Version | Tinstall | Tcheck | Ttotal | Status | Flags | 
|---|---|---|---|---|---|---|
| r-devel-linux-x86_64-debian-clang | 1.8.4 | 124.51 | 183.10 | 307.61 | OK | |
| r-devel-linux-x86_64-debian-gcc | 1.8.4 | 101.32 | 118.18 | 219.50 | OK | |
| r-devel-linux-x86_64-fedora-clang | 1.8.4 | 203.00 | 241.91 | 444.91 | OK | |
| r-devel-linux-x86_64-fedora-gcc | 1.8.4 | 780.00 | -191.80 | 588.20 | OK | |
| r-devel-windows-x86_64 | 1.8.4 | 120.00 | 217.00 | 337.00 | OK | |
| r-patched-linux-x86_64 | 1.8.4 | 143.32 | 172.53 | 315.85 | OK | |
| r-release-linux-x86_64 | 1.8.4 | 138.14 | 173.11 | 311.25 | OK | |
| r-release-macos-arm64 | 1.8.4 | 51.00 | 61.00 | 112.00 | OK | |
| r-release-macos-x86_64 | 1.8.4 | 105.00 | 159.00 | 264.00 | OK | |
| r-release-windows-x86_64 | 1.8.4 | 124.00 | 218.00 | 342.00 | OK | |
| r-oldrel-macos-arm64 | 1.8.4 | 47.00 | 64.00 | 111.00 | NOTE | |
| r-oldrel-macos-x86_64 | 1.8.4 | 107.00 | 141.00 | 248.00 | NOTE | |
| r-oldrel-windows-x86_64 | 1.8.4 | 144.00 | 283.00 | 427.00 | OK | 
Version: 1.8.4
Check: installed package size
Result: NOTE
    installed size is 23.6Mb
    sub-directories of 1Mb or more:
      R      2.1Mb
      libs  20.6Mb
Flavors: r-oldrel-macos-arm64, r-oldrel-macos-x86_64