CRAN Package Check Results for Package castor

Last updated on 2025-04-30 04:50:01 CEST.

Flavor Version Tinstall Tcheck Ttotal Status Flags
r-devel-linux-x86_64-debian-clang 1.8.3 121.73 170.83 292.56 OK
r-devel-linux-x86_64-debian-gcc 1.8.3 95.35 111.57 206.92 OK
r-devel-linux-x86_64-fedora-clang 1.8.3 443.22 OK
r-devel-linux-x86_64-fedora-gcc 1.8.3 516.42 OK
r-devel-windows-x86_64 1.8.3 116.00 222.00 338.00 OK
r-patched-linux-x86_64 1.8.3 143.82 163.62 307.44 OK
r-release-linux-x86_64 1.8.3 142.60 163.29 305.89 OK
r-release-macos-arm64 1.8.3 117.00 OK
r-release-macos-x86_64 1.8.3 296.00 OK
r-release-windows-x86_64 1.8.3 119.00 227.00 346.00 OK
r-oldrel-macos-arm64 1.8.3 245.00 NOTE
r-oldrel-macos-x86_64 1.8.3 301.00 NOTE
r-oldrel-windows-x86_64 1.8.3 132.00 277.00 409.00 OK

Check Details

Version: 1.8.3
Check: installed package size
Result: NOTE installed size is 22.3Mb sub-directories of 1Mb or more: R 1.1Mb libs 20.3Mb Flavors: r-oldrel-macos-arm64, r-oldrel-macos-x86_64